CRAN Package Check Results for Package socialranking

Last updated on 2024-02-27 16:49:29 CET.

Flavor Version Tinstall Tcheck Ttotal Status Flags
r-devel-linux-x86_64-debian-clang 1.1.0 6.00 73.71 79.71 OK
r-devel-linux-x86_64-debian-gcc 1.1.0 4.21 55.64 59.85 OK
r-devel-linux-x86_64-fedora-clang 1.1.0 93.48 NOTE
r-devel-linux-x86_64-fedora-gcc 1.1.0 114.50 OK
r-devel-windows-x86_64 1.1.0 5.00 95.00 100.00 OK
r-patched-linux-x86_64 1.1.0 7.62 71.82 79.44 OK
r-release-linux-x86_64 1.1.0 5.28 71.50 76.78 OK
r-release-macos-arm64 1.1.0 45.00 OK
r-release-macos-x86_64 1.1.0 99.00 OK
r-release-windows-x86_64 1.1.0 7.00 105.00 112.00 OK
r-oldrel-macos-arm64 1.1.0 39.00 OK
r-oldrel-windows-x86_64 1.1.0 7.00 102.00 109.00 OK

Check Details

Version: 1.1.0
Check: Rd cross-references
Result: NOTE Undeclared package ‘numbers’ in Rd xrefs Flavor: r-devel-linux-x86_64-fedora-clang