CRAN Package Check Results for Package sodium

Last updated on 2021-03-04 11:48:10 CET.

Flavor Version Tinstall Tcheck Ttotal Status Flags
r-devel-linux-x86_64-debian-clang 1.1 4.92 26.02 30.94 OK
r-devel-linux-x86_64-debian-gcc 1.1 3.05 20.77 23.82 OK
r-devel-linux-x86_64-fedora-clang 1.1 49.91 NOTE
r-devel-linux-x86_64-fedora-gcc 1.1 39.03 NOTE
r-devel-windows-ix86+x86_64 1.1 20.00 47.00 67.00 OK
r-patched-linux-x86_64 1.1 3.84 25.69 29.53 OK
r-patched-solaris-x86 1.1 61.70 OK
r-release-linux-x86_64 1.1 4.47 25.43 29.90 OK
r-release-macos-x86_64 1.1 OK
r-release-windows-ix86+x86_64 1.1 20.00 41.00 61.00 OK
r-oldrel-macos-x86_64 1.1 OK
r-oldrel-windows-ix86+x86_64 1.1 30.00 48.00 78.00 OK

Check Details

Version: 1.1
Check: top-level files
Result: NOTE
    ‘configure’: /bin/bash is not portable
Flavors: r-devel-linux-x86_64-fedora-clang, r-devel-linux-x86_64-fedora-gcc