CRAN Package Check Results for Package soilhypfit

Last updated on 2024-07-23 00:54:39 CEST.

Flavor Version Tinstall Tcheck Ttotal Status Flags
r-devel-linux-x86_64-debian-clang 0.1-7 13.82 131.31 145.13 OK
r-devel-linux-x86_64-debian-gcc 0.1-7 13.57 96.47 110.04 NOTE
r-devel-linux-x86_64-fedora-clang 0.1-7 195.06 OK
r-devel-linux-x86_64-fedora-gcc 0.1-7 168.72 OK
r-devel-windows-x86_64 0.1-7 14.00 103.00 117.00 NOTE
r-patched-linux-x86_64 0.1-7 19.38 123.39 142.77 OK
r-release-linux-x86_64 0.1-7 16.03 121.63 137.66 OK
r-release-macos-arm64 0.1-7 45.00 OK
r-release-macos-x86_64 0.1-7 70.00 OK
r-release-windows-x86_64 0.1-7 14.00 103.00 117.00 OK
r-oldrel-macos-arm64 0.1-7 51.00 OK
r-oldrel-macos-x86_64 0.1-7 81.00 OK
r-oldrel-windows-x86_64 0.1-7 19.00 128.00 147.00 OK

Check Details

Version: 0.1-7
Check: Rd cross-references
Result: NOTE Found the following Rd file(s) with Rd \link{} targets missing package anchors: soilhypfit_control_fit_wrc_hcc.Rd: nloptr soilhypfit_fit_wrc_hcc.Rd: nloptr Please provide package anchors for all Rd \link{} targets not in the package itself and the base packages. Flavors: r-devel-linux-x86_64-debian-gcc, r-devel-windows-x86_64