CRAN Package Check Results for Package sommer

Last updated on 2024-07-18 21:48:26 CEST.

Flavor Version Tinstall Tcheck Ttotal Status Flags
r-devel-linux-x86_64-debian-clang 4.3.4 107.64 186.29 293.93 OK --no-vignettes
r-devel-linux-x86_64-debian-gcc 4.3.4 83.37 135.93 219.30 OK --no-vignettes
r-devel-linux-x86_64-fedora-clang 4.3.4 580.52 OK
r-devel-linux-x86_64-fedora-gcc 4.3.4 681.34 OK
r-devel-windows-x86_64 4.3.4 85.00 179.00 264.00 NOTE --no-vignettes
r-patched-linux-x86_64 4.3.4 108.56 173.36 281.92 OK --no-vignettes
r-release-linux-x86_64 4.3.4 99.39 176.46 275.85 OK --no-vignettes
r-release-macos-arm64 4.3.4 186.00 NOTE
r-release-macos-x86_64 4.3.4 292.00 NOTE
r-release-windows-x86_64 4.3.4 84.00 185.00 269.00 NOTE --no-vignettes
r-oldrel-macos-arm64 4.3.4 189.00 NOTE
r-oldrel-macos-x86_64 4.3.4 506.00 NOTE
r-oldrel-windows-x86_64 4.3.4 110.00 216.00 326.00 NOTE --no-vignettes

Check Details

Version: 4.3.4
Flags: --no-vignettes
Check: installed package size
Result: NOTE installed size is 5.5Mb sub-directories of 1Mb or more: data 1.3Mb doc 1.3Mb libs 1.7Mb Flavors: r-devel-windows-x86_64, r-release-windows-x86_64, r-oldrel-windows-x86_64

Version: 4.3.4
Flags: --no-vignettes
Check: Rd cross-references
Result: NOTE Found the following Rd file(s) with Rd \link{} targets missing package anchors: GWAS.Rd: variogram Please provide package anchors for all Rd \link{} targets not in the package itself and the base packages. Flavor: r-devel-windows-x86_64

Version: 4.3.4
Check: installed package size
Result: NOTE installed size is 13.4Mb sub-directories of 1Mb or more: data 1.3Mb doc 1.3Mb libs 9.6Mb Flavors: r-release-macos-arm64, r-release-macos-x86_64, r-oldrel-macos-arm64, r-oldrel-macos-x86_64