CRAN Package Check Results for Package sos

Last updated on 2020-09-21 16:07:17 CEST.

Flavor Version Tinstall Tcheck Ttotal Status Flags
r-devel-linux-x86_64-debian-clang 2.0-0 2.59 47.56 50.15 NOTE
r-devel-linux-x86_64-debian-gcc 2.0-0 2.35 35.33 37.68 NOTE
r-devel-linux-x86_64-fedora-clang 2.0-0 70.97 NOTE
r-devel-linux-x86_64-fedora-gcc 2.0-0 145.75 NOTE
r-devel-windows-ix86+x86_64 2.0-0 6.00 151.00 157.00 OK
r-patched-linux-x86_64 2.0-0 3.17 46.40 49.57 NOTE
r-patched-solaris-x86 2.0-0 90.30 NOTE
r-release-linux-x86_64 2.0-0 2.90 46.87 49.77 NOTE
r-release-macos-x86_64 2.0-0 OK
r-release-windows-ix86+x86_64 2.0-0 7.00 143.00 150.00 OK
r-oldrel-macos-x86_64 2.0-0 OK
r-oldrel-windows-ix86+x86_64 2.0-0 5.00 169.00 174.00 OK

Check Details

Version: 2.0-0
Check: for non-standard things in the check directory
Result: NOTE
    Found the following files/directories:
     'splineSearch.xls'
Flavors: r-devel-linux-x86_64-debian-clang, r-devel-linux-x86_64-debian-gcc, r-devel-linux-x86_64-fedora-clang, r-devel-linux-x86_64-fedora-gcc, r-patched-linux-x86_64, r-patched-solaris-x86, r-release-linux-x86_64