CRAN Package Check Results for Package soundClass

Last updated on 2024-07-22 00:50:49 CEST.

Flavor Version Tinstall Tcheck Ttotal Status Flags
r-devel-linux-x86_64-debian-clang 0.0.9.2 7.79 64.37 72.16 OK
r-devel-linux-x86_64-debian-gcc 0.0.9.2 6.80 49.80 56.60 OK
r-devel-linux-x86_64-fedora-clang 0.0.9.2 97.83 NOTE
r-devel-linux-x86_64-fedora-gcc 0.0.9.2 104.47 NOTE
r-devel-windows-x86_64 0.0.9.2 9.00 66.00 75.00 OK
r-patched-linux-x86_64 0.0.9.2 8.18 62.75 70.93 OK
r-release-linux-x86_64 0.0.9.2 5.11 62.46 67.57 OK
r-release-macos-arm64 0.0.9.2 34.00 OK
r-release-macos-x86_64 0.0.9.2 51.00 OK
r-release-windows-x86_64 0.0.9.2 8.00 67.00 75.00 OK
r-oldrel-macos-arm64 0.0.9.2 35.00 OK
r-oldrel-macos-x86_64 0.0.9.2 51.00 OK
r-oldrel-windows-x86_64 0.0.9.2 10.00 74.00 84.00 OK

Check Details

Version: 0.0.9.2
Check: dependencies in R code
Result: NOTE Namespaces in Imports field not imported from: ‘RSQLite’ ‘dbplyr’ All declared Imports should be used. Flavors: r-devel-linux-x86_64-fedora-clang, r-devel-linux-x86_64-fedora-gcc