CRAN Package Check Results for Package soundClass

Last updated on 2022-10-08 00:50:09 CEST.

Flavor Version Tinstall Tcheck Ttotal Status Flags
r-devel-linux-x86_64-debian-clang 0.0.9.2 7.35 67.92 75.27 OK
r-devel-linux-x86_64-debian-gcc 0.0.9.2 6.82 52.40 59.22 OK
r-devel-linux-x86_64-fedora-clang 0.0.9.2 106.91 NOTE
r-devel-linux-x86_64-fedora-gcc 0.0.9.2 100.71 NOTE
r-devel-windows-x86_64 0.0.9.2 30.00 98.00 128.00 OK
r-patched-linux-x86_64 0.0.9.2 8.20 64.82 73.02 OK
r-release-linux-x86_64 0.0.9.2 5.78 66.38 72.16 OK
r-release-macos-arm64 0.0.9.2 27.00 NOTE
r-release-macos-x86_64 0.0.9.2 42.00 NOTE
r-release-windows-x86_64 0.0.9.2 20.00 94.00 114.00 OK
r-oldrel-macos-arm64 0.0.9.2 26.00 NOTE
r-oldrel-macos-x86_64 0.0.9.2 39.00 NOTE
r-oldrel-windows-ix86+x86_64 0.0.9.2 20.00 89.00 109.00 OK

Check Details

Version: 0.0.9.2
Check: dependencies in R code
Result: NOTE
    Namespaces in Imports field not imported from:
     ‘RSQLite’ ‘dbplyr’
     All declared Imports should be used.
Flavors: r-devel-linux-x86_64-fedora-clang, r-devel-linux-x86_64-fedora-gcc, r-release-macos-arm64, r-release-macos-x86_64, r-oldrel-macos-arm64, r-oldrel-macos-x86_64