CRAN Package Check Results for Package spCP

Last updated on 2019-09-22 11:46:27 CEST.

Flavor Version Tinstall Tcheck Ttotal Status Flags
r-devel-linux-x86_64-debian-clang 1.2 194.63 208.69 403.32 OK
r-devel-linux-x86_64-debian-gcc 1.2 163.85 187.93 351.78 OK
r-devel-linux-x86_64-fedora-clang 1.2 643.20 NOTE
r-devel-linux-x86_64-fedora-gcc 1.2 611.89 OK
r-devel-windows-ix86+x86_64 1.2 507.00 539.00 1046.00 OK
r-patched-linux-x86_64 1.2 190.10 216.99 407.09 OK
r-patched-solaris-x86 1.2 854.20 OK
r-release-linux-x86_64 1.2 185.20 214.17 399.37 OK
r-release-windows-ix86+x86_64 1.2 330.00 444.00 774.00 OK
r-release-osx-x86_64 1.2 NOTE
r-oldrel-windows-ix86+x86_64 1.2 366.00 465.00 831.00 OK
r-oldrel-osx-x86_64 1.2 NOTE

Check Details

Version: 1.2
Check: installed package size
Result: NOTE
     installed size is 9.2Mb
     sub-directories of 1Mb or more:
     libs 8.6Mb
Flavors: r-devel-linux-x86_64-fedora-clang, r-release-osx-x86_64, r-oldrel-osx-x86_64