CRAN Package Check Results for Package spCP

Last updated on 2022-01-28 07:51:36 CET.

Flavor Version Tinstall Tcheck Ttotal Status Flags
r-devel-linux-x86_64-debian-clang 1.2 223.65 262.01 485.66 OK
r-devel-linux-x86_64-debian-gcc 1.2 188.13 188.89 377.02 OK
r-devel-linux-x86_64-fedora-clang 1.2 701.39 NOTE
r-devel-linux-x86_64-fedora-gcc 1.2 650.51 OK
r-devel-windows-x86_64-new-UL 1.2 198.00 339.00 537.00 OK
r-devel-windows-x86_64-new-TK 1.2 OK
r-patched-linux-x86_64 1.2 212.01 252.79 464.80 OK
r-release-linux-x86_64 1.2 204.50 253.70 458.20 OK
r-release-macos-arm64 1.2 NOTE
r-release-macos-x86_64 1.2 NOTE
r-release-windows-ix86+x86_64 1.2 611.00 503.00 1114.00 OK
r-oldrel-macos-x86_64 1.2 NOTE
r-oldrel-windows-ix86+x86_64 1.2 610.00 489.00 1099.00 OK

Check Details

Version: 1.2
Check: installed package size
Result: NOTE
     installed size is 8.1Mb
     sub-directories of 1Mb or more:
     libs 7.4Mb
Flavors: r-devel-linux-x86_64-fedora-clang, r-release-macos-arm64, r-release-macos-x86_64, r-oldrel-macos-x86_64