Last updated on 2023-02-02 16:54:14 CET.
Flavor | Version | Tinstall | Tcheck | Ttotal | Status | Flags |
---|---|---|---|---|---|---|
r-devel-linux-x86_64-debian-clang | 0.4.0 | 34.03 | 289.89 | 323.92 | NOTE | |
r-devel-linux-x86_64-debian-gcc | 0.4.0 | 27.35 | 207.73 | 235.08 | NOTE | |
r-devel-linux-x86_64-fedora-clang | 0.4.0 | 382.56 | NOTE | |||
r-devel-linux-x86_64-fedora-gcc | 0.4.0 | 374.52 | NOTE | |||
r-patched-linux-x86_64 | 0.4.0 | 34.02 | 271.10 | 305.12 | NOTE | |
r-release-linux-x86_64 | 0.4.0 | 33.00 | 272.33 | 305.33 | NOTE | |
r-release-macos-arm64 | 0.4.0 | 83.00 | NOTE | |||
r-release-macos-x86_64 | 0.4.0 | 112.00 | NOTE | |||
r-release-windows-x86_64 | 0.4.0 | 34.00 | 284.00 | 318.00 | NOTE | |
r-oldrel-macos-arm64 | 0.4.0 | 55.00 | NOTE | |||
r-oldrel-macos-x86_64 | 0.4.0 | 93.00 | NOTE | |||
r-oldrel-windows-ix86+x86_64 | 0.4.0 | 68.00 | 267.00 | 335.00 | NOTE |
Version: 0.4.0
Check: LazyData
Result: NOTE
'LazyData' is specified without a 'data' directory
Flavors: r-devel-linux-x86_64-debian-clang, r-devel-linux-x86_64-debian-gcc, r-devel-linux-x86_64-fedora-clang, r-devel-linux-x86_64-fedora-gcc, r-patched-linux-x86_64, r-release-linux-x86_64, r-release-macos-arm64, r-release-macos-x86_64, r-release-windows-x86_64, r-oldrel-macos-arm64, r-oldrel-macos-x86_64, r-oldrel-windows-ix86+x86_64
Version: 0.4.0
Check: package dependencies
Result: NOTE
Package suggested but not available for checking: ‘antaresViz’
Flavors: r-release-macos-arm64, r-oldrel-macos-arm64
Version: 0.4.0
Check: Rd cross-references
Result: NOTE
Package unavailable to check Rd xrefs: ‘antaresViz’
Flavors: r-release-macos-arm64, r-oldrel-macos-arm64