CRAN Package Check Results for Package spMaps

Last updated on 2019-09-15 05:46:27 CEST.

Flavor Version Tinstall Tcheck Ttotal Status Flags
r-devel-linux-x86_64-debian-clang 0.3 12.66 76.06 88.72 OK
r-devel-linux-x86_64-debian-gcc 0.3 11.19 61.33 72.52 OK
r-devel-linux-x86_64-fedora-clang 0.3 107.60 OK
r-devel-linux-x86_64-fedora-gcc 0.3 105.08 OK
r-devel-windows-ix86+x86_64 0.3 26.00 110.00 136.00 OK
r-patched-linux-x86_64 0.3 11.83 76.28 88.11 OK
r-patched-solaris-x86 0.3 183.80 OK
r-release-linux-x86_64 0.3 13.16 75.74 88.90 OK
r-release-windows-ix86+x86_64 0.3 19.00 116.00 135.00 OK
r-release-osx-x86_64 0.3 OK
r-oldrel-windows-ix86+x86_64 0.3 18.00 77.00 95.00 OK
r-oldrel-osx-x86_64 0.3 NOTE

Check Details

Version: 0.3
Check: package dependencies
Result: NOTE
    Package suggested but not available for checking: ‘antaresViz’
Flavor: r-oldrel-osx-x86_64

Version: 0.3
Check: Rd cross-references
Result: NOTE
    Package unavailable to check Rd xrefs: ‘antaresViz’
Flavor: r-oldrel-osx-x86_64