CRAN Package Check Results for Package spaero

Last updated on 2024-06-22 03:49:42 CEST.

Flavor Version Tinstall Tcheck Ttotal Status Flags
r-devel-linux-x86_64-debian-clang 0.6.0 2.68 66.60 69.28 NOTE
r-devel-linux-x86_64-debian-gcc 0.6.0 1.86 49.26 51.12 NOTE
r-devel-linux-x86_64-fedora-clang 0.6.0 93.34 NOTE
r-devel-linux-x86_64-fedora-gcc 0.6.0 109.61 NOTE
r-devel-windows-x86_64 0.6.0 3.00 110.00 113.00 NOTE
r-patched-linux-x86_64 0.6.0 2.58 64.47 67.05 NOTE
r-release-linux-x86_64 0.6.0 1.98 64.78 66.76 NOTE
r-release-macos-arm64 0.6.0 44.00 NOTE
r-release-macos-x86_64 0.6.0 66.00 NOTE
r-release-windows-x86_64 0.6.0 3.00 110.00 113.00 NOTE
r-oldrel-macos-arm64 0.6.0 44.00 NOTE
r-oldrel-macos-x86_64 0.6.0 70.00 NOTE
r-oldrel-windows-x86_64 0.6.0 3.00 117.00 120.00 NOTE

Check Details

Version: 0.6.0
Check: LazyData
Result: NOTE 'LazyData' is specified without a 'data' directory Flavors: r-devel-linux-x86_64-debian-clang, r-devel-linux-x86_64-debian-gcc, r-devel-linux-x86_64-fedora-clang, r-devel-linux-x86_64-fedora-gcc, r-devel-windows-x86_64, r-patched-linux-x86_64, r-release-linux-x86_64, r-release-macos-arm64, r-release-macos-x86_64, r-release-windows-x86_64, r-oldrel-macos-arm64, r-oldrel-macos-x86_64, r-oldrel-windows-x86_64

Version: 0.6.0
Check: dependencies in R code
Result: NOTE Namespace in Imports field not imported from: ‘utils’ All declared Imports should be used. Flavors: r-devel-linux-x86_64-fedora-clang, r-devel-linux-x86_64-fedora-gcc