CRAN Package Check Results for Package spamtree

Last updated on 2022-01-25 19:50:46 CET.

Flavor Version Tinstall Tcheck Ttotal Status Flags
r-devel-linux-x86_64-debian-clang 0.2.2 149.37 168.37 317.74 OK
r-devel-linux-x86_64-debian-gcc 0.2.2 124.95 132.98 257.93 OK
r-devel-linux-x86_64-fedora-clang 0.2.2 442.67 NOTE
r-devel-linux-x86_64-fedora-gcc 0.2.2 394.85 OK
r-devel-windows-x86_64-new-UL 0.2.2 134.00 144.00 278.00 OK
r-devel-windows-x86_64-new-TK 0.2.2 OK
r-patched-linux-x86_64 0.2.2 137.73 160.83 298.56 OK
r-release-linux-x86_64 0.2.2 136.75 154.93 291.68 OK
r-release-macos-arm64 0.2.2 NOTE
r-release-macos-x86_64 0.2.2 NOTE
r-release-windows-ix86+x86_64 0.2.2 370.00 161.00 531.00 OK
r-oldrel-macos-x86_64 0.2.2 NOTE
r-oldrel-windows-ix86+x86_64 0.2.2 371.00 164.00 535.00 OK

Check Details

Version: 0.2.2
Check: installed package size
Result: NOTE
     installed size is 8.9Mb
     sub-directories of 1Mb or more:
     libs 8.7Mb
Flavors: r-devel-linux-x86_64-fedora-clang, r-release-macos-arm64, r-release-macos-x86_64, r-oldrel-macos-x86_64