CRAN Package Check Results for Package sparklyr

Last updated on 2020-06-06 14:46:59 CEST.

Flavor Version Tinstall Tcheck Ttotal Status Flags
r-devel-linux-x86_64-debian-clang 1.2.0 24.28 141.23 165.51 OK
r-devel-linux-x86_64-debian-gcc 1.2.0 21.88 103.78 125.66 OK
r-devel-linux-x86_64-fedora-clang 1.2.0 217.69 NOTE
r-devel-linux-x86_64-fedora-gcc 1.2.0 208.01 OK
r-devel-windows-ix86+x86_64 1.2.0 62.00 190.00 252.00 OK
r-patched-linux-x86_64 1.2.0 26.29 139.11 165.40 OK
r-patched-solaris-x86 1.2.0 267.60 NOTE
r-release-linux-x86_64 1.2.0 26.44 137.04 163.48 OK
r-release-osx-x86_64 1.2.0 OK
r-release-windows-ix86+x86_64 1.2.0 74.00 197.00 271.00 OK
r-oldrel-osx-x86_64 1.2.0 OK
r-oldrel-windows-ix86+x86_64 1.2.0 64.00 140.00 204.00 OK

Check Details

Version: 1.2.0
Check: package dependencies
Result: NOTE
    Imports includes 25 non-default packages.
    Importing from so many packages makes the package vulnerable to any of
    them becoming unavailable. Move as many as possible to Suggests and
    use conditionally.
Flavor: r-devel-linux-x86_64-fedora-clang

Version: 1.2.0
Check: installed package size
Result: NOTE
     installed size is 5.6Mb
     sub-directories of 1Mb or more:
     R 1.4Mb
     java 3.1Mb
Flavor: r-patched-solaris-x86