CRAN Package Check Results for Package sparklyr

Last updated on 2020-08-13 11:50:20 CEST.

Flavor Version Tinstall Tcheck Ttotal Status Flags
r-devel-linux-x86_64-debian-clang 1.3.1 1.70 2.33 4.03 ERROR
r-devel-linux-x86_64-debian-gcc 1.3.1 22.90 105.13 128.03 OK
r-devel-linux-x86_64-fedora-clang 1.3.1 208.82 NOTE
r-devel-linux-x86_64-fedora-gcc 1.3.1 196.29 OK
r-devel-windows-ix86+x86_64 1.3.1 74.00 217.00 291.00 OK
r-patched-linux-x86_64 1.3.1 30.93 139.43 170.36 OK
r-patched-solaris-x86 1.3.1 262.10 NOTE
r-release-linux-x86_64 1.3.1 1.61 2.48 4.09 ERROR
r-release-macos-x86_64 1.3.1 OK
r-release-windows-ix86+x86_64 1.3.1 66.00 149.00 215.00 OK
r-oldrel-macos-x86_64 1.3.1 OK
r-oldrel-windows-ix86+x86_64 1.3.1 42.00 154.00 196.00 OK

Check Details

Version: 1.3.1
Check: package dependencies
Result: ERROR
    Package required but not available: 'tidyr'
    
    Package suggested but not available for checking: 'broom'
    
    See section 'The DESCRIPTION file' in the 'Writing R Extensions'
    manual.
Flavors: r-devel-linux-x86_64-debian-clang, r-release-linux-x86_64

Version: 1.3.1
Check: package dependencies
Result: NOTE
    Imports includes 26 non-default packages.
    Importing from so many packages makes the package vulnerable to any of
    them becoming unavailable. Move as many as possible to Suggests and
    use conditionally.
Flavor: r-devel-linux-x86_64-fedora-clang

Version: 1.3.1
Check: package dependencies
Result: NOTE
    Package suggested but not available for checking: ‘arrow’
Flavor: r-patched-solaris-x86

Version: 1.3.1
Check: installed package size
Result: NOTE
     installed size is 5.1Mb
     sub-directories of 1Mb or more:
     R 1.5Mb
     java 2.5Mb
Flavor: r-patched-solaris-x86