CRAN Package Check Results for Package sparklyr

Last updated on 2019-11-17 21:46:49 CET.

Flavor Version Tinstall Tcheck Ttotal Status Flags
r-devel-linux-x86_64-debian-clang 1.0.4 23.21 122.48 145.69 OK
r-devel-linux-x86_64-debian-gcc 1.0.5 19.71 92.28 111.99 OK
r-devel-linux-x86_64-fedora-clang 1.0.5 180.95 OK
r-devel-linux-x86_64-fedora-gcc 1.0.5 178.19 OK
r-devel-windows-ix86+x86_64 1.0.5 52.00 169.00 221.00 OK
r-patched-linux-x86_64 1.0.5 23.32 119.60 142.92 OK
r-patched-solaris-x86 1.0.5 194.10 NOTE
r-release-linux-x86_64 1.0.5 24.31 119.46 143.77 OK
r-release-windows-ix86+x86_64 1.0.4 36.00 184.00 220.00 OK
r-release-osx-x86_64 1.0.5 OK
r-oldrel-windows-ix86+x86_64 1.0.4 35.00 184.00 219.00 OK
r-oldrel-osx-x86_64 1.0.5 OK

Check Details

Version: 1.0.5
Check: installed package size
Result: NOTE
     installed size is 5.0Mb
     sub-directories of 1Mb or more:
     R 1.4Mb
     java 2.5Mb
Flavor: r-patched-solaris-x86