CRAN Package Check Results for Package sparseFLMM

Last updated on 2022-01-16 20:48:36 CET.

Flavor Version Tinstall Tcheck Ttotal Status Flags
r-devel-linux-x86_64-debian-clang 0.4.1 15.06 136.23 151.29 OK
r-devel-linux-x86_64-debian-gcc 0.4.1 13.66 101.41 115.07 OK
r-devel-linux-x86_64-fedora-clang 0.4.1 187.83 OK
r-devel-linux-x86_64-fedora-gcc 0.4.1 168.96 OK
r-devel-windows-x86_64-new-UL 0.4.1 53.00 149.00 202.00 OK
r-devel-windows-x86_64-new-TK 0.4.1 ERROR
r-patched-linux-x86_64 0.4.1 16.55 129.64 146.19 OK
r-release-linux-x86_64 0.4.1 OK
r-release-macos-arm64 0.4.1 OK
r-release-macos-x86_64 0.4.1 OK
r-release-windows-ix86+x86_64 0.4.1 34.00 147.00 181.00 OK
r-oldrel-macos-x86_64 0.4.1 OK
r-oldrel-windows-ix86+x86_64 0.4.1 35.00 147.00 182.00 OK

Check Details

Version: 0.4.1
Check: package dependencies
Result: ERROR
    Package required but not available: 'refund'
    
    See section 'The DESCRIPTION file' in the 'Writing R Extensions'
    manual.
Flavor: r-devel-windows-x86_64-new-TK