CRAN Package Check Results for Package sparsereg

Last updated on 2022-10-03 04:59:40 CEST.

Flavor Version Tinstall Tcheck Ttotal Status Flags
r-devel-linux-x86_64-debian-clang 1.2 77.28 137.74 215.02 OK
r-devel-linux-x86_64-debian-gcc 1.2 61.81 100.30 162.11 OK
r-devel-linux-x86_64-fedora-clang 1.2 299.06 NOTE
r-devel-linux-x86_64-fedora-gcc 1.2 264.76 NOTE
r-devel-windows-x86_64 1.2 229.00 173.00 402.00 OK
r-patched-linux-x86_64 1.2 66.07 128.22 194.29 OK
r-release-linux-x86_64 1.2 63.52 127.70 191.22 OK
r-release-macos-arm64 1.2 67.00 OK
r-release-macos-x86_64 1.2 129.00 OK
r-release-windows-x86_64 1.2 66.00 170.00 236.00 OK
r-oldrel-macos-arm64 1.2 74.00 OK
r-oldrel-macos-x86_64 1.2 130.00 OK
r-oldrel-windows-ix86+x86_64 1.2 185.00 205.00 390.00 OK

Check Details

Version: 1.2
Check: compiled code
Result: NOTE
    File ‘sparsereg/libs/sparsereg.so’:
     Found no calls to: ‘R_registerRoutines’, ‘R_useDynamicSymbols’
    
    It is good practice to register native routines and to disable symbol
    search.
    
    See ‘Writing portable packages’ in the ‘Writing R Extensions’ manual.
Flavors: r-devel-linux-x86_64-fedora-clang, r-devel-linux-x86_64-fedora-gcc