Last updated on 2021-03-02 20:48:09 CET.
Flavor | Version | Tinstall | Tcheck | Ttotal | Status | Flags |
---|---|---|---|---|---|---|
r-devel-linux-x86_64-debian-clang | 1.7 | OK | ||||
r-devel-linux-x86_64-debian-gcc | 1.7 | 5.74 | 54.95 | 60.69 | OK | |
r-devel-linux-x86_64-fedora-clang | 1.7 | 109.71 | NOTE | |||
r-devel-linux-x86_64-fedora-gcc | 1.7 | 99.06 | NOTE | |||
r-devel-windows-ix86+x86_64 | 1.7 | 14.00 | 104.00 | 118.00 | OK | |
r-patched-linux-x86_64 | 1.7 | 6.50 | 71.77 | 78.27 | OK | |
r-patched-solaris-x86 | 1.7 | 134.30 | OK | |||
r-release-linux-x86_64 | 1.7 | 6.42 | 71.52 | 77.94 | OK | |
r-release-macos-x86_64 | 1.7 | OK | ||||
r-release-windows-ix86+x86_64 | 1.7 | 12.00 | 111.00 | 123.00 | OK | |
r-oldrel-macos-x86_64 | 1.7 | OK | ||||
r-oldrel-windows-ix86+x86_64 | 1.7 | 38.00 | 123.00 | 161.00 | OK |
Version: 1.7
Check: compiled code
Result: NOTE
File ‘spate/libs/spate.so’:
Found no calls to: ‘R_registerRoutines’, ‘R_useDynamicSymbols’
It is good practice to register native routines and to disable symbol
search.
See ‘Writing portable packages’ in the ‘Writing R Extensions’ manual.
Flavors: r-devel-linux-x86_64-fedora-clang, r-devel-linux-x86_64-fedora-gcc