CRAN Package Check Results for Package spathial

Last updated on 2022-05-26 21:50:18 CEST.

Flavor Version Tinstall Tcheck Ttotal Status Flags
r-devel-linux-x86_64-debian-clang 0.1.2 3.39 142.82 146.21 NOTE
r-devel-linux-x86_64-debian-gcc 0.1.2 2.61 113.58 116.19 NOTE
r-devel-linux-x86_64-fedora-clang 0.1.2 174.80 NOTE
r-devel-linux-x86_64-fedora-gcc 0.1.2 160.80 NOTE
r-devel-windows-x86_64 0.1.2 23.00 165.00 188.00 NOTE
r-patched-linux-x86_64 0.1.2 2.48 135.54 138.02 NOTE
r-release-linux-x86_64 0.1.2 2.13 140.76 142.89 NOTE
r-release-macos-arm64 0.1.2 73.00 NOTE
r-release-macos-x86_64 0.1.2 54.00 ERROR
r-release-windows-x86_64 0.1.2 18.00 169.00 187.00 NOTE
r-oldrel-macos-arm64 0.1.2 75.00 NOTE
r-oldrel-macos-x86_64 0.1.2 139.00 NOTE
r-oldrel-windows-ix86+x86_64 0.1.2 10.00 175.00 185.00 NOTE

Check Details

Version: 0.1.2
Check: LazyData
Result: NOTE
     'LazyData' is specified without a 'data' directory
Flavors: r-devel-linux-x86_64-debian-clang, r-devel-linux-x86_64-debian-gcc, r-devel-linux-x86_64-fedora-clang, r-devel-linux-x86_64-fedora-gcc, r-devel-windows-x86_64, r-patched-linux-x86_64, r-release-linux-x86_64, r-release-macos-arm64, r-release-macos-x86_64, r-release-windows-x86_64, r-oldrel-macos-arm64, r-oldrel-macos-x86_64, r-oldrel-windows-ix86+x86_64

Version: 0.1.2
Check: dependencies in R code
Result: NOTE
    Namespaces in Imports field not imported from:
     ‘irlba’ ‘knitr’ ‘rmarkdown’
     All declared Imports should be used.
Flavors: r-devel-linux-x86_64-fedora-clang, r-devel-linux-x86_64-fedora-gcc, r-release-macos-arm64, r-release-macos-x86_64, r-oldrel-macos-arm64, r-oldrel-macos-x86_64

Version: 0.1.2
Check: re-building of vignette outputs
Result: ERROR
    Error(s) in re-building vignettes:
     ...
    --- re-building ‘vignette.rmd’ using rmarkdown
    
    Execution halted
    
    * checking PDF version of manual ...* using check arguments '--no-clean-on-error '
Flavor: r-release-macos-x86_64