CRAN Package Check Results for Package spatial.gev.bma

Last updated on 2019-08-26 06:48:11 CEST.

Flavor Version Tinstall Tcheck Ttotal Status Flags
r-devel-linux-x86_64-debian-clang 1.0 6.80 60.01 66.81 NOTE
r-devel-linux-x86_64-debian-gcc 1.0 6.55 47.33 53.88 NOTE
r-devel-linux-x86_64-fedora-clang 1.0 84.26 NOTE
r-devel-linux-x86_64-fedora-gcc 1.0 85.61 NOTE
r-devel-windows-ix86+x86_64 1.0 21.00 94.00 115.00 NOTE
r-patched-linux-x86_64 1.0 6.68 58.16 64.84 NOTE
r-patched-solaris-x86 1.0 124.60 NOTE
r-release-linux-x86_64 1.0 7.01 59.29 66.30 NOTE
r-release-windows-ix86+x86_64 1.0 19.00 85.00 104.00 NOTE
r-release-osx-x86_64 1.0 NOTE
r-oldrel-windows-ix86+x86_64 1.0 12.00 90.00 102.00 NOTE
r-oldrel-osx-x86_64 1.0 NOTE

Check Details

Version: 1.0
Check: R code for possible problems
Result: NOTE
    gev.impute: no visible global function definition for 'rnorm'
    gev.init: no visible global function definition for 'rbinom'
    gev.init: no visible global function definition for 'var'
    gev.init: no visible global function definition for 'optimize'
    gev.logscore: no visible global function definition for 'density'
    gev.logscore: no visible global function definition for 'splinefun'
    gev.update.M: no visible global function definition for 'runif'
    gev.update.hyper: no visible global function definition for 'rgamma'
    gev.update.lambda: no visible global function definition for 'rnorm'
    gev.update.lambda: no visible global function definition for 'dgamma'
    gev.update.lambda: no visible global function definition for 'dnorm'
    gev.update.lambda: no visible global function definition for 'runif'
    gev.update.tau.kappa: no visible global function definition for 'rnorm'
    gev.update.tau.kappa: no visible global function definition for 'dnorm'
    gev.update.tau.kappa: no visible global function definition for 'runif'
    gev.update.tau.mu: no visible global function definition for 'rnorm'
    gev.update.tau.mu: no visible global function definition for 'dnorm'
    gev.update.tau.mu: no visible global function definition for 'runif'
    gev.update.tau.xi: no visible global function definition for 'rnorm'
    gev.update.tau.xi: no visible global function definition for 'dnorm'
    gev.update.tau.xi: no visible global function definition for 'runif'
    gev.update.theta: no visible global function definition for 'rnorm'
    gp.like.lambda: no visible global function definition for 'dgamma'
    Undefined global functions or variables:
     density dgamma dnorm optimize rbinom rgamma rnorm runif splinefun var
    Consider adding
     importFrom("stats", "density", "dgamma", "dnorm", "optimize", "rbinom",
     "rgamma", "rnorm", "runif", "splinefun", "var")
    to your NAMESPACE file.
Flavors: r-devel-linux-x86_64-debian-clang, r-devel-linux-x86_64-debian-gcc, r-devel-linux-x86_64-fedora-clang, r-devel-linux-x86_64-fedora-gcc, r-devel-windows-ix86+x86_64, r-patched-linux-x86_64, r-patched-solaris-x86, r-release-linux-x86_64, r-release-windows-ix86+x86_64, r-release-osx-x86_64, r-oldrel-windows-ix86+x86_64, r-oldrel-osx-x86_64