Last updated on 2022-08-17 15:50:06 CEST.
Flavor | Version | Tinstall | Tcheck | Ttotal | Status | Flags |
---|---|---|---|---|---|---|
r-devel-linux-x86_64-debian-clang | 1.0 | 38.93 | 363.73 | 402.66 | NOTE | |
r-devel-linux-x86_64-debian-gcc | 1.0 | NOTE | ||||
r-devel-linux-x86_64-fedora-clang | 1.0 | 510.85 | NOTE | |||
r-devel-linux-x86_64-fedora-gcc | 1.0 | 513.06 | NOTE | |||
r-devel-windows-x86_64 | 1.0 | 47.00 | 368.00 | 415.00 | NOTE | |
r-patched-linux-x86_64 | 1.0 | 35.64 | 344.73 | 380.37 | OK | |
r-release-linux-x86_64 | 1.0 | 43.13 | 349.75 | 392.88 | OK | |
r-release-macos-arm64 | 1.0 | 107.00 | OK | |||
r-release-macos-x86_64 | 1.0 | 148.00 | OK | |||
r-release-windows-x86_64 | 1.0 | 64.00 | 368.00 | 432.00 | OK | |
r-oldrel-macos-arm64 | 1.0 | 102.00 | OK | |||
r-oldrel-macos-x86_64 | 1.0 | 154.00 | OK | |||
r-oldrel-windows-ix86+x86_64 | 1.0 | 84.00 | 362.00 | 446.00 | OK |
Version: 1.0
Check: Rd files
Result: NOTE
checkRd: (-1) sarorderedprobit.Rd:84: Escaped LaTeX specials: \#
Flavors: r-devel-linux-x86_64-debian-clang, r-devel-linux-x86_64-debian-gcc, r-devel-linux-x86_64-fedora-clang, r-devel-linux-x86_64-fedora-gcc, r-devel-windows-x86_64