Last updated on 2022-06-30 09:52:53 CEST.
Flavor | Version | Tinstall | Tcheck | Ttotal | Status | Flags |
---|---|---|---|---|---|---|
r-devel-linux-x86_64-debian-clang | 2.4-4 | 83.34 | 805.70 | 889.04 | NOTE | |
r-devel-linux-x86_64-debian-gcc | 2.4-4 | 74.91 | 586.99 | 661.90 | NOTE | |
r-devel-linux-x86_64-fedora-clang | 2.4-4 | 1030.82 | NOTE | |||
r-devel-linux-x86_64-fedora-gcc | 2.4-4 | 1049.51 | NOTE | |||
r-devel-windows-x86_64 | 2.4-4 | 778.00 | 231.00 | 1009.00 | NOTE | --no-examples --no-tests --no-vignettes |
r-patched-linux-x86_64 | 2.4-4 | 113.95 | 737.29 | 851.24 | NOTE | |
r-release-linux-x86_64 | 2.4-4 | 81.17 | 744.13 | 825.30 | NOTE | |
r-release-macos-arm64 | 2.4-4 | 313.00 | NOTE | |||
r-release-macos-x86_64 | 2.4-4 | 380.00 | NOTE | |||
r-release-windows-x86_64 | 2.4-4 | 911.00 | 465.00 | 1376.00 | NOTE | --no-examples --no-tests --no-vignettes |
r-oldrel-macos-arm64 | 2.4-4 | 275.00 | NOTE | |||
r-oldrel-macos-x86_64 | 2.4-4 | 373.00 | NOTE | |||
r-oldrel-windows-ix86+x86_64 | 2.4-4 | 169.00 | 268.00 | 437.00 | NOTE | --no-examples --no-tests --no-vignettes |
Version: 2.4-4
Check: package dependencies
Result: NOTE
Package suggested but not available for checking: 'RandomFields'
Flavors: r-devel-linux-x86_64-debian-clang, r-devel-linux-x86_64-debian-gcc, r-devel-linux-x86_64-fedora-clang, r-devel-linux-x86_64-fedora-gcc, r-patched-linux-x86_64, r-release-linux-x86_64
Version: 2.4-4
Check: Rd cross-references
Result: NOTE
Unknown package 'RandomFields' in Rd xrefs
Flavors: r-devel-linux-x86_64-debian-clang, r-devel-linux-x86_64-debian-gcc, r-devel-linux-x86_64-fedora-clang, r-devel-linux-x86_64-fedora-gcc, r-patched-linux-x86_64, r-release-linux-x86_64
Version: 2.4-4
Check: installed package size
Result: NOTE
installed size is 6.6Mb
sub-directories of 1Mb or more:
R 3.0Mb
help 2.8Mb
Flavors: r-devel-linux-x86_64-fedora-clang, r-release-macos-arm64, r-release-macos-x86_64, r-oldrel-macos-arm64, r-oldrel-macos-x86_64
Version: 2.4-4
Flags: --no-examples --no-tests --no-vignettes
Check: installed package size
Result: NOTE
installed size is 6.2Mb
sub-directories of 1Mb or more:
R 2.9Mb
help 2.8Mb
Flavors: r-devel-windows-x86_64, r-release-windows-x86_64, r-oldrel-windows-ix86+x86_64