CRAN Package Check Results for Package spatstat.core

Last updated on 2022-01-23 17:48:30 CET.

Flavor Version Tinstall Tcheck Ttotal Status Flags
r-devel-linux-x86_64-debian-clang 2.3-2 102.26 835.13 937.39 OK
r-devel-linux-x86_64-debian-gcc 2.3-2 92.31 654.81 747.12 OK
r-devel-linux-x86_64-fedora-clang 2.3-2 1105.36 NOTE
r-devel-linux-x86_64-fedora-gcc 2.3-2 1173.63 OK
r-devel-windows-x86_64-new-UL 2.3-2 1510.00 265.00 1775.00 NOTE --no-examples --no-tests --no-vignettes
r-devel-windows-x86_64-new-TK 2.3-2 OK
r-patched-linux-x86_64 2.3-2 135.55 788.87 924.42 OK
r-release-linux-x86_64 2.3-2 94.14 792.42 886.56 OK
r-release-macos-arm64 2.3-2 NOTE
r-release-macos-x86_64 2.3-2 NOTE
r-release-windows-ix86+x86_64 2.3-2 217.00 392.00 609.00 NOTE --no-examples --no-tests --no-vignettes
r-oldrel-macos-x86_64 2.3-2 NOTE
r-oldrel-windows-ix86+x86_64 2.3-2 217.00 375.00 592.00 NOTE --no-examples --no-tests --no-vignettes

Check Details

Version: 2.3-2
Check: installed package size
Result: NOTE
     installed size is 7.9Mb
     sub-directories of 1Mb or more:
     R 3.2Mb
     help 3.2Mb
     libs 1.1Mb
Flavors: r-devel-linux-x86_64-fedora-clang, r-release-macos-arm64, r-release-macos-x86_64, r-oldrel-macos-x86_64

Version: 2.3-2
Flags: --no-examples --no-tests --no-vignettes
Check: installed package size
Result: NOTE
     installed size is 7.1Mb
     sub-directories of 1Mb or more:
     R 3.2Mb
     help 3.2Mb
Flavors: r-devel-windows-x86_64-new-UL, r-release-windows-ix86+x86_64, r-oldrel-windows-ix86+x86_64