Last updated on 2022-05-26 20:49:15 CEST.
Flavor | Version | Tinstall | Tcheck | Ttotal | Status | Flags |
---|---|---|---|---|---|---|
r-devel-linux-x86_64-debian-clang | 2.0-1 | 9.46 | 119.52 | 128.98 | NOTE | |
r-devel-linux-x86_64-debian-gcc | 2.0-1 | 10.05 | 105.12 | 115.17 | NOTE | |
r-devel-linux-x86_64-fedora-clang | 2.0-1 | 160.18 | NOTE | |||
r-devel-linux-x86_64-fedora-gcc | 2.0-1 | 143.66 | NOTE | |||
r-devel-windows-x86_64 | 2.0-1 | 20.00 | 135.00 | 155.00 | NOTE | |
r-patched-linux-x86_64 | 2.0-1 | 10.26 | 117.26 | 127.52 | NOTE | |
r-release-linux-x86_64 | 2.0-1 | 8.95 | 116.71 | 125.66 | NOTE | |
r-release-macos-arm64 | 2.0-1 | 57.00 | NOTE | |||
r-release-macos-x86_64 | 2.0-1 | 92.00 | NOTE | |||
r-release-windows-x86_64 | 2.0-1 | 17.00 | 136.00 | 153.00 | NOTE | |
r-oldrel-macos-arm64 | 2.0-1 | 50.00 | NOTE | |||
r-oldrel-macos-x86_64 | 2.0-1 | 78.00 | NOTE | |||
r-oldrel-windows-ix86+x86_64 | 2.0-1 | 23.00 | 126.00 | 149.00 | NOTE |
Version: 2.0-1
Check: package dependencies
Result: NOTE
Depends: includes the non-default packages:
'spatstat.geom', 'spatstat.random', 'spatstat.core',
'spatstat.linnet', 'spatstat.data', 'spatstat', 'rpanel', 'tcltk'
Adding so many packages to the search path is excessive and importing
selectively is preferable.
Flavors: r-devel-linux-x86_64-debian-clang, r-devel-linux-x86_64-debian-gcc, r-devel-linux-x86_64-fedora-clang, r-devel-linux-x86_64-fedora-gcc, r-devel-windows-x86_64, r-patched-linux-x86_64, r-release-linux-x86_64, r-release-macos-arm64, r-release-macos-x86_64, r-release-windows-x86_64, r-oldrel-macos-arm64, r-oldrel-macos-x86_64, r-oldrel-windows-ix86+x86_64