Last updated on 2025-01-21 19:49:43 CET.
Flavor | Version | Tinstall | Tcheck | Ttotal | Status | Flags |
---|---|---|---|---|---|---|
r-devel-linux-x86_64-debian-clang | 3.3-4 | 38.89 | 423.48 | 462.37 | OK | |
r-devel-linux-x86_64-debian-gcc | 3.3-4 | 25.83 | 286.64 | 312.47 | OK | |
r-devel-linux-x86_64-fedora-clang | 3.3-4 | 761.88 | OK | |||
r-devel-linux-x86_64-fedora-gcc | 3.3-4 | 716.04 | OK | |||
r-devel-windows-x86_64 | 3.3-3 | 45.00 | 506.00 | 551.00 | OK | |
r-patched-linux-x86_64 | 3.3-3 | 53.20 | 393.78 | 446.98 | NOTE | |
r-release-linux-x86_64 | 3.3-3 | 39.99 | 399.16 | 439.15 | NOTE | |
r-release-macos-arm64 | 3.3-3 | 186.00 | NOTE | |||
r-release-macos-x86_64 | 3.3-3 | 368.00 | NOTE | |||
r-release-windows-x86_64 | 3.3-4 | 40.00 | 422.00 | 462.00 | NOTE | |
r-oldrel-macos-arm64 | 3.3-3 | 181.00 | NOTE | |||
r-oldrel-macos-x86_64 | 3.3-3 | 358.00 | NOTE | |||
r-oldrel-windows-x86_64 | 3.3-3 | 54.00 | 620.00 | 674.00 | NOTE |
Version: 3.3-3
Check: package dependencies
Result: NOTE
Depends: includes the non-default packages:
'spatstat.data', 'spatstat.univar', 'spatstat.geom',
'spatstat.random', 'spatstat.explore', 'nlme', 'rpart'
Adding so many packages to the search path is excessive and importing
selectively is preferable.
Flavors: r-patched-linux-x86_64, r-release-linux-x86_64, r-release-macos-arm64, r-release-macos-x86_64, r-oldrel-macos-arm64, r-oldrel-macos-x86_64, r-oldrel-windows-x86_64
Version: 3.3-4
Check: package dependencies
Result: NOTE
Depends: includes the non-default packages:
'spatstat.data', 'spatstat.univar', 'spatstat.geom',
'spatstat.random', 'spatstat.explore', 'nlme', 'rpart'
Adding so many packages to the search path is excessive and importing
selectively is preferable.
Flavor: r-release-windows-x86_64