Last updated on 2022-05-24 10:51:16 CEST.
Flavor | Version | Tinstall | Tcheck | Ttotal | Status | Flags |
---|---|---|---|---|---|---|
r-devel-linux-x86_64-debian-clang | 1.8 | 55.71 | 509.20 | 564.91 | OK | |
r-devel-linux-x86_64-debian-gcc | 1.8 | 45.94 | 372.43 | 418.37 | OK | |
r-devel-linux-x86_64-fedora-clang | 1.8 | 529.21 | NOTE | |||
r-devel-linux-x86_64-fedora-gcc | 1.8 | 633.87 | NOTE | |||
r-devel-windows-x86_64 | 1.8 | 139.00 | 475.00 | 614.00 | OK | |
r-patched-linux-x86_64 | 1.8 | 47.21 | 481.16 | 528.37 | OK | |
r-release-linux-x86_64 | 1.8 | OK | ||||
r-release-macos-arm64 | 1.8 | 131.00 | NOTE | |||
r-release-macos-x86_64 | 1.8 | 203.00 | NOTE | |||
r-release-windows-x86_64 | 1.8 | 130.00 | 455.00 | 585.00 | OK | |
r-oldrel-macos-arm64 | 1.8 | 113.00 | NOTE | |||
r-oldrel-macos-x86_64 | 1.8 | 198.00 | NOTE | |||
r-oldrel-windows-ix86+x86_64 | 1.8 | 107.00 | 458.00 | 565.00 | OK |
Version: 1.8
Check: dependencies in R code
Result: NOTE
Namespace in Imports field not imported from: ‘spatstat’
All declared Imports should be used.
Flavors: r-devel-linux-x86_64-fedora-clang, r-devel-linux-x86_64-fedora-gcc, r-release-macos-arm64, r-release-macos-x86_64, r-oldrel-macos-arm64, r-oldrel-macos-x86_64