CRAN Package Check Results for Package spduration

Last updated on 2020-06-05 18:47:29 CEST.

Flavor Version Tinstall Tcheck Ttotal Status Flags
r-devel-linux-x86_64-debian-clang 0.17.1 83.24 148.93 232.17 OK
r-devel-linux-x86_64-debian-gcc 0.17.1 60.33 108.44 168.77 OK
r-devel-linux-x86_64-fedora-clang 0.17.1 309.96 OK
r-devel-linux-x86_64-fedora-gcc 0.17.1 285.78 OK
r-devel-windows-ix86+x86_64 0.17.1 222.00 366.00 588.00 OK
r-patched-linux-x86_64 0.17.1 59.76 142.62 202.38 OK
r-patched-solaris-x86 0.17.1 381.30 OK
r-release-linux-x86_64 0.17.1 48.02 142.59 190.61 OK
r-release-osx-x86_64 0.17.1 WARN
r-release-windows-ix86+x86_64 0.17.1 154.00 349.00 503.00 OK
r-oldrel-osx-x86_64 0.17.1 OK
r-oldrel-windows-ix86+x86_64 0.17.1 196.00 285.00 481.00 OK

Check Details

Version: 0.17.1
Check: re-building of vignette outputs
Result: WARN
    Error(s) in re-building vignettes:
    --- re-building ‘introduction.Rmd’ using rmarkdown
    bscoup package:spduration R Documentation
    
    _<08>B&_<08>S _<08>2_<08>0_<08>0_<08>3 _<08>c_<08>o_<08>u_<08>p _<08>d_<08>a_<08>t_<08>a
    
    _<08>D_<08>e_<08>s_<08>c_<08>r_<08>i_<08>p_<08>t_<08>i_<08>o_<08>n:
    
     Replication data from Belkin and Schofer's 2003 paper on coups.
    
    _<08>U_<08>s_<08>a_<08>g_<08>e:
    
     bscoups
    
    _<08>F_<08>o_<08>r_<08>m_<08>a_<08>t:
    
     A data frame with 5463 observations of 14 variables:
    
     'countryid' Gleditsch and Ward country codes.
    
     'year' Year
    
     'couprisk' Structural coup risk index, see paper for details.
    
     'recentcoups' Alternative coup risk measure, running count of
     coups in past 10 years.
    
     'rwar' Country participated in war in past 10 years.
    
     'milreg' 1=Military regime, 0=other
    
     'wealth' log of GDP per capita
    
     'instab' Domestic instability and violence.
    
     'coup' Indicator for successful coup.
    
     'africa' Indicator for countries in Africa.
    
     'eurnam' Indicator for countries in Europe and N. America.
    
     'samerica' Indicator for countries in South America.
    
     'camerica' Indicator for countries in Central America.
    
     'regconf' Regional conflict.
    
    _<08>S_<08>o_<08>u_<08>r_<08>c_<08>e:
    
     Belkin, Aaron and Evan Schofer. 2003. ``Toward a structural
     understanding of coup risk.'' Journal of Conflict Resolution Vol.
     47 No. 5.
    
    _<08>E_<08>x_<08>a_<08>m_<08>p_<08>l_<08>e_<08>s:
    
     data(bscoup)
     table(bscoup$coup)
     range(bscoup$year)
    
    
    dyld: lazy symbol binding failed: Symbol not found: ____chkstk_darwin
     Referenced from: /usr/local/bin/pandoc (which was built for Mac OS X 10.15)
     Expected in: /usr/lib/libSystem.B.dylib
    
    dyld: Symbol not found: ____chkstk_darwin
     Referenced from: /usr/local/bin/pandoc (which was built for Mac OS X 10.15)
     Expected in: /usr/lib/libSystem.B.dylib
    
    Error: processing vignette 'introduction.Rmd' failed with diagnostics:
    pandoc document conversion failed with error 6
    --- failed re-building ‘introduction.Rmd’
    
    SUMMARY: processing the following file failed:
     ‘introduction.Rmd’
    
    Error: Vignette re-building failed.
    Execution halted
Flavor: r-release-osx-x86_64