CRAN Package Check Results for Package specklestar

Last updated on 2020-02-23 10:49:05 CET.

Flavor Version Tinstall Tcheck Ttotal Status Flags
r-devel-linux-x86_64-debian-clang 0.0.1.7 51.36 28.77 80.13 OK
r-devel-linux-x86_64-debian-gcc 0.0.1.7 27.43 23.03 50.46 OK
r-devel-linux-x86_64-fedora-clang 0.0.1.7 127.11 OK
r-devel-linux-x86_64-fedora-gcc 0.0.1.7 99.15 OK
r-devel-windows-ix86+x86_64 0.0.1.7 108.00 66.00 174.00 OK
r-devel-windows-ix86+x86_64-gcc8 0.0.1.7 150.00 66.00 216.00 NOTE
r-patched-linux-x86_64 0.0.1.7 OK
r-patched-solaris-x86 0.0.1.7 137.10 OK
r-release-linux-x86_64 0.0.1.7 35.02 26.72 61.74 OK
r-release-windows-ix86+x86_64 0.0.1.7 97.00 61.00 158.00 OK
r-release-osx-x86_64 0.0.1.7 OK
r-oldrel-windows-ix86+x86_64 0.0.1.7 123.00 63.00 186.00 OK
r-oldrel-osx-x86_64 0.0.1.7 OK

Check Details

Version: 0.0.1.7
Check: installed package size
Result: NOTE
     installed size is 5.4Mb
     sub-directories of 1Mb or more:
     libs 3.7Mb
Flavor: r-devel-windows-ix86+x86_64-gcc8