CRAN Package Check Results for Package spectre

Last updated on 2022-01-23 04:14:14 CET.

Flavor Version Tinstall Tcheck Ttotal Status Flags
r-devel-linux-x86_64-debian-clang 1.0.2 47.96 44.67 92.63 OK
r-devel-linux-x86_64-debian-gcc 1.0.2 45.11 38.62 83.73 OK
r-devel-linux-x86_64-fedora-clang 1.0.2 139.74 NOTE
r-devel-linux-x86_64-fedora-gcc 1.0.2 125.79 OK
r-devel-windows-x86_64-new-UL 1.0.2 66.00 96.00 162.00 OK
r-devel-windows-x86_64-new-TK 1.0.2 OK
r-patched-linux-x86_64 1.0.2 47.84 45.51 93.35 OK
r-release-linux-x86_64 1.0.2 51.54 44.22 95.76 OK
r-release-macos-arm64 1.0.2 NOTE
r-release-macos-x86_64 1.0.2 NOTE
r-release-windows-ix86+x86_64 1.0.2 121.00 88.00 209.00 OK
r-oldrel-macos-x86_64 1.0.2 NOTE
r-oldrel-windows-ix86+x86_64 1.0.2 121.00 89.00 210.00 OK

Check Details

Version: 1.0.2
Check: installed package size
Result: NOTE
     installed size is 5.9Mb
     sub-directories of 1Mb or more:
     libs 5.6Mb
Flavors: r-devel-linux-x86_64-fedora-clang, r-release-macos-arm64, r-release-macos-x86_64, r-oldrel-macos-x86_64