CRAN Package Check Results for Package spectrolab

Last updated on 2020-07-09 21:48:42 CEST.

Flavor Version Tinstall Tcheck Ttotal Status Flags
r-devel-linux-x86_64-debian-clang 0.0.9 9.12 72.09 81.21 OK
r-devel-linux-x86_64-debian-gcc 0.0.9 6.78 57.09 63.87 OK
r-devel-linux-x86_64-fedora-clang 0.0.9 109.28 NOTE
r-devel-linux-x86_64-fedora-gcc 0.0.9 100.92 NOTE
r-devel-windows-ix86+x86_64 0.0.9 20.00 105.00 125.00 OK
r-patched-linux-x86_64 0.0.9 8.27 72.06 80.33 OK
r-patched-solaris-x86 0.0.9 133.60 NOTE
r-release-linux-x86_64 0.0.9 8.72 73.86 82.58 OK
r-release-osx-x86_64 0.0.9 NOTE
r-release-windows-ix86+x86_64 0.0.9 24.00 154.00 178.00 OK
r-oldrel-osx-x86_64 0.0.9 NOTE
r-oldrel-windows-ix86+x86_64 0.0.9 16.00 91.00 107.00 OK

Check Details

Version: 0.0.9
Check: dependencies in R code
Result: NOTE
    Namespaces in Imports field not imported from:
     ‘devtools’ ‘usethis’
     All declared Imports should be used.
Flavors: r-devel-linux-x86_64-fedora-clang, r-devel-linux-x86_64-fedora-gcc, r-patched-solaris-x86, r-release-osx-x86_64, r-oldrel-osx-x86_64