CRAN Package Check Results for Package spectrolab

Last updated on 2019-09-23 16:47:57 CEST.

Flavor Version Tinstall Tcheck Ttotal Status Flags
r-devel-linux-x86_64-debian-clang 0.0.8 8.90 75.20 84.10 OK
r-devel-linux-x86_64-debian-gcc 0.0.8 7.19 60.80 67.99 OK
r-devel-linux-x86_64-fedora-clang 0.0.8 108.66 NOTE
r-devel-linux-x86_64-fedora-gcc 0.0.8 104.06 NOTE
r-devel-windows-ix86+x86_64 0.0.8 32.00 127.00 159.00 OK
r-patched-linux-x86_64 0.0.8 7.36 77.08 84.44 OK
r-patched-solaris-x86 0.0.8 130.10 NOTE
r-release-linux-x86_64 0.0.8 7.49 75.86 83.35 OK
r-release-windows-ix86+x86_64 0.0.8 30.00 162.00 192.00 OK
r-release-osx-x86_64 0.0.8 NOTE
r-oldrel-windows-ix86+x86_64 0.0.8 11.00 101.00 112.00 OK
r-oldrel-osx-x86_64 0.0.8 NOTE

Check Details

Version: 0.0.8
Check: dependencies in R code
Result: NOTE
    Namespaces in Imports field not imported from:
     ‘devtools’ ‘usethis’
     All declared Imports should be used.
Flavors: r-devel-linux-x86_64-fedora-clang, r-devel-linux-x86_64-fedora-gcc, r-patched-solaris-x86, r-release-osx-x86_64, r-oldrel-osx-x86_64