CRAN Package Check Results for Package spef

Last updated on 2021-05-14 16:47:47 CEST.

Flavor Version Tinstall Tcheck Ttotal Status Flags
r-devel-linux-x86_64-debian-clang 1.0.9 24.13 111.94 136.07 OK
r-devel-linux-x86_64-debian-gcc 1.0.9 19.04 85.82 104.86 OK
r-devel-linux-x86_64-fedora-clang 1.0.9 174.21 OK
r-devel-linux-x86_64-fedora-gcc 1.0.9 162.91 OK
r-devel-windows-ix86+x86_64 1.0.9 44.00 114.00 158.00 OK
r-devel-windows-x86_64-gcc10-UCRT 1.0.9 OK
r-patched-linux-x86_64 1.0.9 24.15 107.76 131.91 OK
r-patched-solaris-x86 1.0.9 241.20 OK
r-release-linux-x86_64 1.0.9 25.02 103.51 128.53 OK
r-release-macos-x86_64 1.0.9 OK
r-release-windows-ix86+x86_64 1.0.9 29.00 166.00 195.00 OK
r-oldrel-macos-x86_64 1.0.9 WARN
r-oldrel-windows-ix86+x86_64 1.0.9 36.00 151.00 187.00 OK

Check Details

Version: 1.0.9
Check: dependencies in R code
Result: NOTE
    No protocol specified
    No protocol specified
Flavor: r-oldrel-macos-x86_64

Version: 1.0.9
Check: S3 generic/method consistency
Result: WARN
    No protocol specified
    No protocol specified
    See section ‘Generic functions and methods’ in the ‘Writing R
    Extensions’ manual.
Flavor: r-oldrel-macos-x86_64

Version: 1.0.9
Check: replacement functions
Result: WARN
    No protocol specified
    No protocol specified
    The argument of a replacement function which corresponds to the right
    hand side must be named ‘value’.
Flavor: r-oldrel-macos-x86_64

Version: 1.0.9
Check: foreign function calls
Result: NOTE
    No protocol specified
    No protocol specified
    See chapter ‘System and foreign language interfaces’ in the ‘Writing R
    Extensions’ manual.
Flavor: r-oldrel-macos-x86_64

Version: 1.0.9
Check: R code for possible problems
Result: NOTE
    No protocol specified
    No protocol specified
Flavor: r-oldrel-macos-x86_64

Version: 1.0.9
Check: for missing documentation entries
Result: WARN
    No protocol specified
    No protocol specified
    All user-level objects in a package should have documentation entries.
    See chapter ‘Writing R documentation files’ in the ‘Writing R
    Extensions’ manual.
Flavor: r-oldrel-macos-x86_64

Version: 1.0.9
Check: for code/documentation mismatches
Result: WARN
    No protocol specified
    No protocol specified
    No protocol specified
    No protocol specified
    No protocol specified
    No protocol specified
Flavor: r-oldrel-macos-x86_64

Version: 1.0.9
Check: Rd \usage sections
Result: NOTE
    No protocol specified
    No protocol specified
    The \usage entries for S3 methods should use the \method markup and not
    their full name.
    See chapter ‘Writing R documentation files’ in the ‘Writing R
    Extensions’ manual.
Flavor: r-oldrel-macos-x86_64