CRAN Package Check Results for Package spelling

Last updated on 2022-08-14 08:55:33 CEST.

Flavor Version Tinstall Tcheck Ttotal Status Flags
r-devel-linux-x86_64-debian-clang 2.2 2.82 24.36 27.18 NOTE
r-devel-linux-x86_64-debian-gcc 2.2 2.11 19.17 21.28 NOTE
r-devel-linux-x86_64-fedora-clang 2.2 44.20 NOTE
r-devel-linux-x86_64-fedora-gcc 2.2 42.44 NOTE
r-devel-windows-x86_64 2.2 12.00 54.00 66.00 NOTE
r-patched-linux-x86_64 2.2 2.75 24.18 26.93 NOTE
r-release-linux-x86_64 2.2 2.35 24.34 26.69 NOTE
r-release-macos-arm64 2.2 18.00 NOTE
r-release-macos-x86_64 2.2 22.00 NOTE
r-release-windows-x86_64 2.2 8.00 51.00 59.00 NOTE
r-oldrel-macos-arm64 2.2 19.00 NOTE
r-oldrel-macos-x86_64 2.2 29.00 NOTE
r-oldrel-windows-ix86+x86_64 2.2 6.00 42.00 48.00 NOTE

Check Details

Version: 2.2
Check: LazyData
Result: NOTE
     'LazyData' is specified without a 'data' directory
Flavors: r-devel-linux-x86_64-debian-clang, r-devel-linux-x86_64-debian-gcc, r-devel-linux-x86_64-fedora-clang, r-devel-linux-x86_64-fedora-gcc, r-devel-windows-x86_64, r-patched-linux-x86_64, r-release-linux-x86_64, r-release-macos-arm64, r-release-macos-x86_64, r-release-windows-x86_64, r-oldrel-macos-arm64, r-oldrel-macos-x86_64, r-oldrel-windows-ix86+x86_64