CRAN Package Check Results for Package spemd

Last updated on 2023-06-03 03:57:46 CEST.

Flavor Version Tinstall Tcheck Ttotal Status Flags
r-devel-linux-x86_64-debian-clang 0.1-1 5.13 69.65 74.78 NOTE
r-devel-linux-x86_64-debian-gcc 0.1-1 4.00 53.91 57.91 NOTE
r-devel-linux-x86_64-fedora-clang 0.1-1 98.68 NOTE
r-devel-linux-x86_64-fedora-gcc 0.1-1 94.64 NOTE
r-devel-windows-x86_64 0.1-1 8.00 70.00 78.00 NOTE
r-patched-linux-x86_64 0.1-1 NOTE
r-release-linux-x86_64 0.1-1 6.01 65.97 71.98 NOTE
r-release-macos-arm64 0.1-1 34.00 NOTE
r-release-macos-x86_64 0.1-1 49.00 NOTE
r-release-windows-x86_64 0.1-1 9.00 76.00 85.00 NOTE
r-oldrel-macos-arm64 0.1-1 90.00 NOTE
r-oldrel-macos-x86_64 0.1-1 112.00 NOTE
r-oldrel-windows-x86_64 0.1-1 9.00 84.00 93.00 NOTE

Check Details

Version: 0.1-1
Check: LazyData
Result: NOTE
     'LazyData' is specified without a 'data' directory
Flavors: r-devel-linux-x86_64-debian-clang, r-devel-linux-x86_64-debian-gcc, r-devel-linux-x86_64-fedora-clang, r-devel-linux-x86_64-fedora-gcc, r-devel-windows-x86_64, r-patched-linux-x86_64, r-release-linux-x86_64, r-release-macos-arm64, r-release-macos-x86_64, r-release-windows-x86_64, r-oldrel-macos-arm64, r-oldrel-macos-x86_64, r-oldrel-windows-x86_64

Version: 0.1-1
Check: for non-standard things in the check directory
Result: NOTE
    Found the following files/directories:
     ‘.neig’
Flavors: r-devel-linux-x86_64-debian-clang, r-devel-linux-x86_64-debian-gcc, r-devel-linux-x86_64-fedora-clang, r-devel-linux-x86_64-fedora-gcc, r-patched-linux-x86_64, r-release-linux-x86_64