Last updated on 2023-02-02 16:54:14 CET.
Flavor | Version | Tinstall | Tcheck | Ttotal | Status | Flags |
---|---|---|---|---|---|---|
r-devel-linux-x86_64-debian-clang | 0.2.1 | 9.58 | 73.72 | 83.30 | NOTE | |
r-devel-linux-x86_64-debian-gcc | 0.2.1 | 7.35 | 55.43 | 62.78 | NOTE | |
r-devel-linux-x86_64-fedora-clang | 0.2.1 | 107.63 | NOTE | |||
r-devel-linux-x86_64-fedora-gcc | 0.2.1 | 117.08 | NOTE | |||
r-patched-linux-x86_64 | 0.2.1 | 9.77 | 70.88 | 80.65 | NOTE | |
r-release-linux-x86_64 | 0.2.1 | 7.34 | 75.69 | 83.03 | NOTE | |
r-release-macos-arm64 | 0.2.1 | 43.00 | NOTE | |||
r-release-macos-x86_64 | 0.2.1 | 63.00 | NOTE | |||
r-release-windows-x86_64 | 0.2.1 | 20.00 | 114.00 | 134.00 | NOTE | |
r-oldrel-macos-arm64 | 0.2.1 | 43.00 | NOTE | |||
r-oldrel-macos-x86_64 | 0.2.1 | 69.00 | NOTE | |||
r-oldrel-windows-ix86+x86_64 | 0.2.1 | 23.00 | 96.00 | 119.00 | NOTE |
Version: 0.2.1
Check: LazyData
Result: NOTE
'LazyData' is specified without a 'data' directory
Flavors: r-devel-linux-x86_64-debian-clang, r-devel-linux-x86_64-debian-gcc, r-devel-linux-x86_64-fedora-clang, r-devel-linux-x86_64-fedora-gcc, r-patched-linux-x86_64, r-release-linux-x86_64, r-release-macos-arm64, r-release-macos-x86_64, r-release-windows-x86_64, r-oldrel-macos-arm64, r-oldrel-macos-x86_64, r-oldrel-windows-ix86+x86_64
Version: 0.2.1
Check: dependencies in R code
Result: NOTE
Namespace in Imports field not imported from: ‘readr’
All declared Imports should be used.
Flavors: r-devel-linux-x86_64-fedora-clang, r-devel-linux-x86_64-fedora-gcc, r-release-macos-arm64, r-release-macos-x86_64, r-oldrel-macos-arm64, r-oldrel-macos-x86_64