CRAN Package Check Results for Package splitfngr

Last updated on 2024-06-13 14:49:16 CEST.

Flavor Version Tinstall Tcheck Ttotal Status Flags
r-devel-linux-x86_64-debian-clang 0.1.2 1.63 21.80 23.43 NOTE
r-devel-linux-x86_64-debian-gcc 0.1.2 1.63 17.46 19.09 NOTE
r-devel-linux-x86_64-fedora-clang 0.1.2 30.50 NOTE
r-devel-linux-x86_64-fedora-gcc 0.1.2 28.62 NOTE
r-devel-windows-x86_64 0.1.2 2.00 41.00 43.00 NOTE
r-patched-linux-x86_64 0.1.2 2.21 21.73 23.94 NOTE
r-release-linux-x86_64 0.1.2 1.75 21.49 23.24 NOTE
r-release-macos-arm64 0.1.2 14.00 NOTE
r-release-macos-x86_64 0.1.2 20.00 NOTE
r-release-windows-x86_64 0.1.2 3.00 40.00 43.00 NOTE
r-oldrel-macos-arm64 0.1.2 16.00 NOTE
r-oldrel-macos-x86_64 0.1.2 19.00 NOTE
r-oldrel-windows-x86_64 0.1.2 2.00 36.00 38.00 NOTE

Check Details

Version: 0.1.2
Check: LazyData
Result: NOTE 'LazyData' is specified without a 'data' directory Flavors: r-devel-linux-x86_64-debian-clang, r-devel-linux-x86_64-debian-gcc, r-devel-linux-x86_64-fedora-clang, r-devel-linux-x86_64-fedora-gcc, r-devel-windows-x86_64, r-patched-linux-x86_64, r-release-linux-x86_64, r-release-macos-arm64, r-release-macos-x86_64, r-release-windows-x86_64, r-oldrel-macos-arm64, r-oldrel-macos-x86_64, r-oldrel-windows-x86_64