CRAN Package Check Results for Package splithalfr

Last updated on 2019-09-22 15:47:21 CEST.

Flavor Version Tinstall Tcheck Ttotal Status Flags
r-devel-linux-x86_64-debian-clang 1.0.10 3.77 60.38 64.15 OK
r-devel-linux-x86_64-debian-gcc 1.0.10 3.65 47.33 50.98 OK
r-devel-linux-x86_64-fedora-clang 1.0.10 82.40 OK
r-devel-linux-x86_64-fedora-gcc 1.0.10 75.71 OK
r-devel-windows-ix86+x86_64 1.0.10 19.00 76.00 95.00 OK
r-patched-linux-x86_64 1.0.10 3.88 58.82 62.70 OK
r-patched-solaris-x86 1.0.10 106.40 OK
r-release-linux-x86_64 1.0.10 3.53 59.43 62.96 OK
r-release-windows-ix86+x86_64 1.0.10 9.00 78.00 87.00 OK
r-release-osx-x86_64 1.0.10 OK
r-oldrel-osx-x86_64 1.0.10 ERROR

Check Details

Version: 1.0.10
Check: whether package can be installed
Result: ERROR
    Installation failed.
Flavor: r-oldrel-osx-x86_64