CRAN Package Check Results for Package sport

Last updated on 2022-10-04 17:52:55 CEST.

Flavor Version Tinstall Tcheck Ttotal Status Flags
r-devel-linux-x86_64-debian-clang 0.2.0 27.77 114.50 142.27 OK
r-devel-linux-x86_64-debian-gcc 0.2.0 22.58 82.21 104.79 OK
r-devel-linux-x86_64-fedora-clang 0.2.0 198.09 NOTE
r-devel-linux-x86_64-fedora-gcc 0.2.0 181.55 NOTE
r-devel-windows-x86_64 0.2.0 37.00 170.00 207.00 OK
r-patched-linux-x86_64 0.2.0 27.78 107.03 134.81 OK
r-release-linux-x86_64 0.2.0 27.36 105.92 133.28 OK
r-release-macos-arm64 0.2.0 55.00 NOTE
r-release-macos-x86_64 0.2.0 94.00 NOTE
r-release-windows-x86_64 0.2.0 37.00 160.00 197.00 OK
r-oldrel-macos-arm64 0.2.0 61.00 NOTE
r-oldrel-macos-x86_64 0.2.0 99.00 NOTE
r-oldrel-windows-ix86+x86_64 0.2.0 72.00 213.00 285.00 OK

Check Details

Version: 0.2.0
Check: data for non-ASCII characters
Result: NOTE
     Note: found 7587 marked UTF-8 strings
Flavors: r-devel-linux-x86_64-fedora-clang, r-devel-linux-x86_64-fedora-gcc, r-release-macos-arm64, r-release-macos-x86_64, r-oldrel-macos-arm64, r-oldrel-macos-x86_64