Last updated on 2023-03-29 06:53:50 CEST.
Flavor | Version | Tinstall | Tcheck | Ttotal | Status | Flags |
---|---|---|---|---|---|---|
r-devel-linux-x86_64-debian-clang | 1.1.0 | 4.10 | 50.33 | 54.43 | NOTE | |
r-devel-linux-x86_64-debian-gcc | 1.1.0 | 4.84 | 38.30 | 43.14 | NOTE | |
r-devel-linux-x86_64-fedora-clang | 1.1.0 | 69.11 | NOTE | |||
r-devel-linux-x86_64-fedora-gcc | 1.1.0 | 66.22 | NOTE | |||
r-patched-linux-x86_64 | 1.1.0 | 9.75 | 47.96 | 57.71 | NOTE | |
r-release-linux-x86_64 | 1.1.0 | 6.34 | 46.14 | 52.48 | OK | |
r-release-macos-arm64 | 1.1.0 | 24.00 | OK | |||
r-release-macos-x86_64 | 1.1.0 | 34.00 | OK | |||
r-release-windows-x86_64 | 1.1.0 | 21.00 | 80.00 | 101.00 | OK | |
r-oldrel-macos-arm64 | 1.1.0 | 30.00 | OK | |||
r-oldrel-macos-x86_64 | 1.1.0 | 45.00 | OK | |||
r-oldrel-windows-ix86+x86_64 | 1.1.0 | 13.00 | 79.00 | 92.00 | OK |
Version: 1.1.0
Check: Rd files
Result: NOTE
checkRd: (-1) shypEstFun.Rd:52: Escaped LaTeX specials: \$
checkRd: (-1) shypEstFun.Rd:54: Escaped LaTeX specials: \$
Flavors: r-devel-linux-x86_64-debian-clang, r-devel-linux-x86_64-debian-gcc, r-devel-linux-x86_64-fedora-clang, r-devel-linux-x86_64-fedora-gcc, r-patched-linux-x86_64