CRAN Package Check Results for Package spsurv

Last updated on 2021-03-04 13:48:40 CET.

Flavor Version Tinstall Tcheck Ttotal Status Flags
r-devel-linux-x86_64-debian-clang 1.0.0 282.82 217.79 500.61 NOTE
r-devel-linux-x86_64-debian-gcc 1.0.0 231.28 187.16 418.44 NOTE
r-devel-linux-x86_64-fedora-clang 1.0.0 683.90 NOTE
r-devel-linux-x86_64-fedora-gcc 1.0.0 713.33 NOTE
r-devel-windows-ix86+x86_64 1.0.0 587.00 398.00 985.00 NOTE
r-patched-linux-x86_64 1.0.0 263.07 232.46 495.53 NOTE
r-patched-solaris-x86 1.0.0 690.40 NOTE
r-release-linux-x86_64 1.0.0 205.65 228.30 433.95 NOTE
r-release-macos-x86_64 1.0.0 NOTE
r-release-windows-ix86+x86_64 1.0.0 423.00 408.00 831.00 NOTE
r-oldrel-macos-x86_64 1.0.0 NOTE
r-oldrel-windows-ix86+x86_64 1.0.0 550.00 443.00 993.00 NOTE

Check Details

Version: 1.0.0
Check: for GNU extensions in Makefiles
Result: NOTE
    GNU make is a SystemRequirements.
Flavors: r-devel-linux-x86_64-debian-clang, r-devel-linux-x86_64-debian-gcc, r-devel-linux-x86_64-fedora-clang, r-devel-linux-x86_64-fedora-gcc, r-devel-windows-ix86+x86_64, r-patched-linux-x86_64, r-patched-solaris-x86, r-release-linux-x86_64, r-release-macos-x86_64, r-release-windows-ix86+x86_64, r-oldrel-macos-x86_64, r-oldrel-windows-ix86+x86_64

Version: 1.0.0
Check: installed package size
Result: NOTE
     installed size is 56.8Mb
     sub-directories of 1Mb or more:
     doc 1.5Mb
     libs 54.9Mb
Flavors: r-devel-linux-x86_64-fedora-clang, r-devel-windows-ix86+x86_64, r-release-macos-x86_64, r-release-windows-ix86+x86_64, r-oldrel-macos-x86_64, r-oldrel-windows-ix86+x86_64

Version: 1.0.0
Check: dependencies in R code
Result: NOTE
    Namespace in Imports field not imported from: ‘rstantools’
     All declared Imports should be used.
Flavors: r-devel-linux-x86_64-fedora-clang, r-devel-linux-x86_64-fedora-gcc, r-patched-solaris-x86, r-release-macos-x86_64, r-oldrel-macos-x86_64