Last updated on 2022-08-13 07:11:47 CEST.
Flavor | Version | Tinstall | Tcheck | Ttotal | Status | Flags |
---|---|---|---|---|---|---|
r-devel-linux-x86_64-debian-clang | 5.3.0 | 30.11 | 484.91 | 515.02 | OK | |
r-devel-linux-x86_64-debian-gcc | 5.3.0 | 25.16 | 349.34 | 374.50 | OK | |
r-devel-linux-x86_64-fedora-clang | 5.3.0 | 604.97 | NOTE | |||
r-devel-linux-x86_64-fedora-gcc | 5.3.0 | 601.64 | OK | |||
r-devel-windows-x86_64 | 5.3.0 | 63.00 | 300.00 | 363.00 | NOTE | --no-vignettes |
r-patched-linux-x86_64 | 5.3.0 | 31.73 | 459.50 | 491.23 | OK | |
r-release-linux-x86_64 | 5.3.0 | 27.01 | 459.94 | 486.95 | OK | |
r-release-macos-arm64 | 5.3.0 | 142.00 | NOTE | |||
r-release-macos-x86_64 | 5.3.0 | 272.00 | NOTE | |||
r-release-windows-x86_64 | 5.3.0 | 68.00 | 286.00 | 354.00 | NOTE | --no-vignettes |
r-oldrel-macos-arm64 | 5.3.0 | 174.00 | NOTE | |||
r-oldrel-macos-x86_64 | 5.3.0 | 196.00 | NOTE | |||
r-oldrel-windows-ix86+x86_64 | 5.3.0 | 63.00 | 327.00 | 390.00 | NOTE | --no-vignettes |
Version: 5.3.0
Check: installed package size
Result: NOTE
installed size is 6.8Mb
sub-directories of 1Mb or more:
doc 5.3Mb
Flavors: r-devel-linux-x86_64-fedora-clang, r-release-macos-arm64, r-release-macos-x86_64, r-oldrel-macos-arm64, r-oldrel-macos-x86_64
Version: 5.3.0
Flags: --no-vignettes
Check: installed package size
Result: NOTE
installed size is 6.8Mb
sub-directories of 1Mb or more:
doc 5.3Mb
Flavors: r-devel-windows-x86_64, r-release-windows-x86_64, r-oldrel-windows-ix86+x86_64