Last updated on 2023-03-24 22:00:06 CET.
Flavor | Version | Tinstall | Tcheck | Ttotal | Status | Flags |
---|---|---|---|---|---|---|
r-devel-linux-x86_64-debian-clang | 2019.11-25 | 11.98 | 87.26 | 99.24 | NOTE | |
r-devel-linux-x86_64-debian-gcc | 2019.11-25 | 10.92 | 67.29 | 78.21 | NOTE | |
r-devel-linux-x86_64-fedora-clang | 2019.11-25 | 128.02 | NOTE | |||
r-devel-linux-x86_64-fedora-gcc | 2019.11-25 | 122.73 | NOTE | |||
r-patched-linux-x86_64 | 2019.11-25 | 10.87 | 83.74 | 94.61 | NOTE | |
r-release-linux-x86_64 | 2019.11-25 | 10.35 | 83.72 | 94.07 | NOTE | |
r-release-macos-arm64 | 2019.11-25 | 36.00 | NOTE | |||
r-release-macos-x86_64 | 2019.11-25 | 52.00 | NOTE | |||
r-release-windows-x86_64 | 2019.11-25 | 27.00 | 131.00 | 158.00 | NOTE | |
r-oldrel-macos-arm64 | 2019.11-25 | 44.00 | NOTE | |||
r-oldrel-macos-x86_64 | 2019.11-25 | 63.00 | NOTE | |||
r-oldrel-windows-ix86+x86_64 | 2019.11-25 | 30.00 | 150.00 | 180.00 | NOTE |
Version: 2019.11-25
Check: LazyData
Result: NOTE
'LazyData' is specified without a 'data' directory
Flavors: r-devel-linux-x86_64-debian-clang, r-devel-linux-x86_64-debian-gcc, r-devel-linux-x86_64-fedora-clang, r-devel-linux-x86_64-fedora-gcc, r-patched-linux-x86_64, r-release-linux-x86_64, r-release-macos-arm64, r-release-macos-x86_64, r-release-windows-x86_64, r-oldrel-macos-arm64, r-oldrel-macos-x86_64, r-oldrel-windows-ix86+x86_64