CRAN Package Check Results for Package sqp

Last updated on 2020-12-02 09:51:26 CET.

Flavor Version Tinstall Tcheck Ttotal Status Flags
r-devel-linux-x86_64-debian-clang 0.5 256.17 29.92 286.09 NOTE
r-devel-linux-x86_64-debian-gcc 0.5 155.70 35.84 191.54 NOTE
r-devel-linux-x86_64-fedora-clang 0.5 316.93 NOTE
r-devel-linux-x86_64-fedora-gcc 0.5 329.95 NOTE
r-devel-windows-ix86+x86_64 0.5 479.00 77.00 556.00 NOTE
r-patched-linux-x86_64 0.5 176.02 43.48 219.50 NOTE
r-patched-solaris-x86 0.5 302.90 WARN
r-release-linux-x86_64 0.5 177.80 41.41 219.21 NOTE
r-release-macos-x86_64 0.5 WARN
r-release-windows-ix86+x86_64 0.5 386.00 77.00 463.00 NOTE
r-oldrel-macos-x86_64 0.5 WARN
r-oldrel-windows-ix86+x86_64 0.5 363.00 69.00 432.00 NOTE

Check Details

Version: 0.5
Check: for GNU extensions in Makefiles
Result: NOTE
    GNU make is a SystemRequirements.
Flavors: r-devel-linux-x86_64-debian-clang, r-devel-linux-x86_64-debian-gcc, r-devel-linux-x86_64-fedora-clang, r-devel-linux-x86_64-fedora-gcc, r-devel-windows-ix86+x86_64, r-patched-linux-x86_64, r-patched-solaris-x86, r-release-linux-x86_64, r-release-macos-x86_64, r-release-windows-ix86+x86_64, r-oldrel-macos-x86_64, r-oldrel-windows-ix86+x86_64

Version: 0.5
Check: installed package size
Result: NOTE
     installed size is 25.9Mb
     sub-directories of 1Mb or more:
     libs 25.7Mb
Flavors: r-devel-linux-x86_64-fedora-clang, r-release-macos-x86_64, r-oldrel-macos-x86_64

Version: 0.5
Check: compiled code
Result: WARN
    File ‘sqp/libs/sqp.so’:
     Found ‘__assert_c99’, possibly from ‘assert’ (C)
     Object: ‘solver_dense.o’
    
    Compiled code should not call entry points which might terminate R nor
    write to stdout/stderr instead of to the console, nor use Fortran I/O
    nor system RNGs.
    
    See ‘Writing portable packages’ in the ‘Writing R Extensions’ manual.
Flavor: r-patched-solaris-x86

Version: 0.5
Check: compiled code
Result: WARN
    File ‘sqp/libs/sqp.so’:
     Found ‘___assert_rtn’, possibly from ‘assert’ (C)
     Object: ‘solver_dense.o’
    
    Compiled code should not call entry points which might terminate R nor
    write to stdout/stderr instead of to the console, nor use Fortran I/O
    nor system RNGs.
    
    See ‘Writing portable packages’ in the ‘Writing R Extensions’ manual.
Flavors: r-release-macos-x86_64, r-oldrel-macos-x86_64