Last updated on 2023-03-23 02:49:58 CET.
Flavor | Version | Tinstall | Tcheck | Ttotal | Status | Flags |
---|---|---|---|---|---|---|
r-devel-linux-x86_64-debian-clang | 0.2 | 3.28 | 28.01 | 31.29 | NOTE | |
r-devel-linux-x86_64-debian-gcc | 0.2 | 2.17 | 22.16 | 24.33 | NOTE | |
r-devel-linux-x86_64-fedora-clang | 0.2 | 39.32 | NOTE | |||
r-devel-linux-x86_64-fedora-gcc | 0.2 | 36.38 | NOTE | |||
r-patched-linux-x86_64 | 0.2 | 5.75 | 28.06 | 33.81 | NOTE | |
r-release-linux-x86_64 | 0.2 | 2.42 | 27.96 | 30.38 | NOTE | |
r-release-macos-arm64 | 0.2 | 19.00 | NOTE | |||
r-release-macos-x86_64 | 0.2 | 24.00 | NOTE | |||
r-release-windows-x86_64 | 0.2 | 13.00 | 57.00 | 70.00 | NOTE | |
r-oldrel-macos-arm64 | 0.2 | 24.00 | NOTE | |||
r-oldrel-macos-x86_64 | 0.2 | 29.00 | NOTE | |||
r-oldrel-windows-ix86+x86_64 | 0.2 | 6.00 | 55.00 | 61.00 | NOTE |
Version: 0.2
Check: LazyData
Result: NOTE
'LazyData' is specified without a 'data' directory
Flavors: r-devel-linux-x86_64-debian-clang, r-devel-linux-x86_64-debian-gcc, r-devel-linux-x86_64-fedora-clang, r-devel-linux-x86_64-fedora-gcc, r-patched-linux-x86_64, r-release-linux-x86_64, r-release-macos-arm64, r-release-macos-x86_64, r-release-windows-x86_64, r-oldrel-macos-arm64, r-oldrel-macos-x86_64, r-oldrel-windows-ix86+x86_64