CRAN Package Check Results for Package st

Last updated on 2022-05-26 21:50:19 CEST.

Flavor Version Tinstall Tcheck Ttotal Status Flags
r-devel-linux-x86_64-debian-clang 1.2.7 2.11 41.50 43.61 OK
r-devel-linux-x86_64-debian-gcc 1.2.7 2.42 36.68 39.10 OK
r-devel-linux-x86_64-fedora-clang 1.2.7 56.77 OK
r-devel-linux-x86_64-fedora-gcc 1.2.7 55.05 OK
r-devel-windows-x86_64 1.2.7 13.00 59.00 72.00 OK
r-patched-linux-x86_64 1.2.7 3.26 40.66 43.92 OK
r-release-linux-x86_64 1.2.7 2.61 41.05 43.66 OK
r-release-macos-arm64 1.2.7 17.00 NOTE
r-release-macos-x86_64 1.2.7 27.00 OK
r-release-windows-x86_64 1.2.7 11.00 59.00 70.00 OK
r-oldrel-macos-arm64 1.2.7 32.00 OK
r-oldrel-macos-x86_64 1.2.7 27.00 OK
r-oldrel-windows-ix86+x86_64 1.2.7 6.00 52.00 58.00 OK

Check Details

Version: 1.2.7
Check: package dependencies
Result: NOTE
    Packages suggested but not available for checking: 'limma', 'samr'
Flavor: r-release-macos-arm64