Last updated on 2022-05-24 08:53:40 CEST.
Flavor | Version | Tinstall | Tcheck | Ttotal | Status | Flags |
---|---|---|---|---|---|---|
r-devel-linux-x86_64-debian-clang | 1.0.1 | 18.37 | 459.57 | 477.94 | OK | |
r-devel-linux-x86_64-debian-gcc | 1.0.1 | 14.39 | 339.42 | 353.81 | OK | |
r-devel-linux-x86_64-fedora-clang | 1.0.1 | 521.58 | NOTE | |||
r-devel-linux-x86_64-fedora-gcc | 1.0.1 | 525.19 | NOTE | |||
r-devel-windows-x86_64 | 1.0.1 | 33.00 | 520.00 | 553.00 | OK | |
r-patched-linux-x86_64 | 1.0.1 | 16.54 | 433.77 | 450.31 | OK | |
r-release-linux-x86_64 | 1.0.1 | OK | ||||
r-release-macos-arm64 | 1.0.1 | 144.00 | NOTE | |||
r-release-macos-x86_64 | 1.0.1 | 224.00 | NOTE | |||
r-release-windows-x86_64 | 1.0.1 | 34.00 | 521.00 | 555.00 | OK | |
r-oldrel-macos-arm64 | 1.0.1 | 142.00 | NOTE | |||
r-oldrel-macos-x86_64 | 1.0.1 | 169.00 | NOTE | |||
r-oldrel-windows-ix86+x86_64 | 1.0.1 | 40.00 | 486.00 | 526.00 | OK |
Version: 1.0.1
Check: dependencies in R code
Result: NOTE
Namespace in Imports field not imported from: ‘knitr’
All declared Imports should be used.
Flavors: r-devel-linux-x86_64-fedora-clang, r-devel-linux-x86_64-fedora-gcc, r-release-macos-arm64, r-release-macos-x86_64, r-oldrel-macos-arm64, r-oldrel-macos-x86_64