CRAN Package Check Results for Package stablelearner

Last updated on 2020-10-20 13:49:39 CEST.

Flavor Version Tinstall Tcheck Ttotal Status Flags
r-devel-linux-x86_64-debian-clang 0.1-2 12.03 115.42 127.45 OK
r-devel-linux-x86_64-debian-gcc 0.1-2 8.92 86.98 95.90 OK
r-devel-linux-x86_64-fedora-clang 0.1-2 156.85 NOTE
r-devel-linux-x86_64-fedora-gcc 0.1-2 152.97 NOTE
r-devel-windows-ix86+x86_64 0.1-2 20.00 106.00 126.00 OK
r-patched-linux-x86_64 0.1-2 11.05 107.33 118.38 OK
r-patched-solaris-x86 0.1-2 212.10 NOTE
r-release-linux-x86_64 0.1-2 9.15 106.66 115.81 OK
r-release-macos-x86_64 0.1-2 NOTE
r-release-windows-ix86+x86_64 0.1-2 23.00 105.00 128.00 OK
r-oldrel-macos-x86_64 0.1-2 NOTE
r-oldrel-windows-ix86+x86_64 0.1-2 16.00 104.00 120.00 OK

Check Details

Version: 0.1-2
Check: data for non-ASCII characters
Result: NOTE
     Note: found 123 marked UTF-8 strings
Flavors: r-devel-linux-x86_64-fedora-clang, r-devel-linux-x86_64-fedora-gcc, r-patched-solaris-x86, r-release-macos-x86_64, r-oldrel-macos-x86_64