Last updated on 2021-03-07 15:47:49 CET.
Flavor | Version | Tinstall | Tcheck | Ttotal | Status | Flags |
---|---|---|---|---|---|---|
r-devel-linux-x86_64-debian-clang | 0.3.0 | 5.80 | 62.30 | 68.10 | OK | |
r-devel-linux-x86_64-debian-gcc | 0.3.0 | 4.74 | 47.73 | 52.47 | OK | |
r-devel-linux-x86_64-fedora-clang | 0.3.0 | 90.97 | OK | |||
r-devel-linux-x86_64-fedora-gcc | 0.3.0 | 84.56 | OK | |||
r-devel-windows-ix86+x86_64 | 0.3.0 | 14.00 | 74.00 | 88.00 | OK | |
r-devel-windows-x86_64-gcc10-UCRT | 0.3.0 | ERROR | ||||
r-patched-linux-x86_64 | 0.3.0 | 5.70 | 59.92 | 65.62 | OK | |
r-patched-solaris-x86 | 0.3.0 | 120.60 | OK | |||
r-release-linux-x86_64 | 0.3.0 | 6.42 | 59.04 | 65.46 | OK | |
r-release-macos-x86_64 | 0.3.0 | OK | ||||
r-release-windows-ix86+x86_64 | 0.3.0 | 10.00 | 60.00 | 70.00 | OK | |
r-oldrel-macos-x86_64 | 0.3.0 | OK | ||||
r-oldrel-windows-ix86+x86_64 | 0.3.0 | 9.00 | 56.00 | 65.00 | OK |
Version: 0.3.0
Check: package dependencies
Result: ERROR
Package required but not available: 'Rgraphviz'
See section 'The DESCRIPTION file' in the 'Writing R Extensions'
manual.
Flavor: r-devel-windows-x86_64-gcc10-UCRT