CRAN Package Check Results for Package standartox

Last updated on 2022-01-22 22:52:27 CET.

Flavor Version Tinstall Tcheck Ttotal Status Flags
r-devel-linux-x86_64-debian-clang 0.0.1 2.96 41.16 44.12 OK
r-devel-linux-x86_64-debian-gcc 0.0.1 2.52 30.61 33.13 OK
r-devel-linux-x86_64-fedora-clang 0.0.1 52.76 NOTE
r-devel-linux-x86_64-fedora-gcc 0.0.1 41.53 NOTE
r-devel-windows-x86_64-new-UL 0.0.1 22.00 58.00 80.00 OK
r-devel-windows-x86_64-new-TK 0.0.1 NOTE
r-patched-linux-x86_64 0.0.1 2.02 38.05 40.07 OK
r-release-linux-x86_64 0.0.1 3.17 38.26 41.43 OK
r-release-macos-arm64 0.0.1 NOTE
r-release-macos-x86_64 0.0.1 NOTE
r-release-windows-ix86+x86_64 0.0.1 13.00 51.00 64.00 OK
r-oldrel-macos-x86_64 0.0.1 NOTE
r-oldrel-windows-ix86+x86_64 0.0.1 8.00 53.00 61.00 OK

Check Details

Version: 0.0.1
Check: dependencies in R code
Result: NOTE
    Namespace in Imports field not imported from: ‘curl’
     All declared Imports should be used.
Flavors: r-devel-linux-x86_64-fedora-clang, r-devel-linux-x86_64-fedora-gcc, r-devel-windows-x86_64-new-TK, r-release-macos-arm64, r-release-macos-x86_64, r-oldrel-macos-x86_64