CRAN Package Check Results for Package stapler

Last updated on 2022-10-03 04:59:41 CEST.

Flavor Version Tinstall Tcheck Ttotal Status Flags
r-devel-linux-x86_64-debian-clang 0.7.1 2.85 52.42 55.27 NOTE --no-vignettes
r-devel-linux-x86_64-debian-gcc 0.7.1 2.31 37.40 39.71 NOTE --no-vignettes
r-devel-linux-x86_64-fedora-clang 0.7.1 1744.66 NOTE
r-devel-linux-x86_64-fedora-gcc 0.7.1 1704.30 NOTE
r-devel-windows-x86_64 0.7.1 14.00 1182.00 1196.00 NOTE
r-patched-linux-x86_64 0.7.1 4.18 49.06 53.24 NOTE --no-vignettes
r-release-linux-x86_64 0.7.1 2.86 49.68 52.54 NOTE --no-vignettes
r-release-macos-arm64 0.7.1 245.00 NOTE
r-release-macos-x86_64 0.7.1 413.00 NOTE
r-release-windows-x86_64 0.7.1 16.00 1194.00 1210.00 NOTE
r-oldrel-macos-arm64 0.7.1 304.00 NOTE
r-oldrel-macos-x86_64 0.7.1 481.00 NOTE
r-oldrel-windows-ix86+x86_64 0.7.1 8.00 1523.00 1531.00 NOTE

Check Details

Version: 0.7.1
Flags: --no-vignettes
Check: LazyData
Result: NOTE
     'LazyData' is specified without a 'data' directory
Flavors: r-devel-linux-x86_64-debian-clang, r-devel-linux-x86_64-debian-gcc, r-patched-linux-x86_64, r-release-linux-x86_64

Version: 0.7.1
Check: LazyData
Result: NOTE
     'LazyData' is specified without a 'data' directory
Flavors: r-devel-linux-x86_64-fedora-clang, r-devel-linux-x86_64-fedora-gcc, r-devel-windows-x86_64, r-release-macos-arm64, r-release-macos-x86_64, r-release-windows-x86_64, r-oldrel-macos-arm64, r-oldrel-macos-x86_64, r-oldrel-windows-ix86+x86_64