CRAN Package Check Results for Package statVisual

Last updated on 2024-07-21 02:55:44 CEST.

Flavor Version Tinstall Tcheck Ttotal Status Flags
r-devel-linux-x86_64-debian-clang 1.2.1 16.90 287.29 304.19 OK
r-devel-linux-x86_64-debian-gcc 1.2.1 16.26 218.36 234.62 OK
r-devel-linux-x86_64-fedora-clang 1.2.1 408.09 NOTE
r-devel-linux-x86_64-fedora-gcc 1.2.1 395.88 NOTE
r-devel-windows-x86_64 1.2.1 19.00 181.00 200.00 NOTE
r-patched-linux-x86_64 1.2.1 24.93 273.64 298.57 OK
r-release-linux-x86_64 1.2.1 20.07 277.73 297.80 OK
r-release-macos-arm64 1.2.1 86.00 OK
r-release-macos-x86_64 1.2.1 126.00 OK
r-release-windows-x86_64 1.2.1 18.00 186.00 204.00 OK
r-oldrel-macos-arm64 1.2.1 92.00 OK
r-oldrel-macos-x86_64 1.2.1 122.00 OK
r-oldrel-windows-x86_64 1.2.1 25.00 233.00 258.00 OK

Check Details

Version: 1.2.1
Check: package dependencies
Result: NOTE Imports includes 23 non-default packages. Importing from so many packages makes the package vulnerable to any of them becoming unavailable. Move as many as possible to Suggests and use conditionally. Flavor: r-devel-linux-x86_64-fedora-clang

Version: 1.2.1
Check: dependencies in R code
Result: NOTE Namespaces in Imports field not imported from: ‘gbm’ ‘ggfortify’ ‘tibble’ ‘tidyverse’ All declared Imports should be used. Flavors: r-devel-linux-x86_64-fedora-clang, r-devel-linux-x86_64-fedora-gcc

Version: 1.2.1
Check: Rd cross-references
Result: NOTE Found the following Rd file(s) with Rd \link{} targets missing package anchors: Heat.Rd: pheatmap ImpPlot.Rd: randomForest, gbm cv_glmnet_plot.Rd: glmnet esSim.Rd: lmFit Please provide package anchors for all Rd \link{} targets not in the package itself and the base packages. Flavor: r-devel-windows-x86_64