CRAN Package Check Results for Package statVisual

Last updated on 2020-12-05 02:49:57 CET.

Flavor Version Tinstall Tcheck Ttotal Status Flags
r-devel-linux-x86_64-debian-clang 1.2.1 18.97 208.64 227.61 OK
r-devel-linux-x86_64-debian-gcc 1.2.1 16.91 154.34 171.25 OK
r-devel-linux-x86_64-fedora-clang 1.2.1 266.15 NOTE
r-devel-linux-x86_64-fedora-gcc 1.2.1 279.86 NOTE
r-devel-windows-ix86+x86_64 1.2.1 32.00 245.00 277.00 OK
r-patched-linux-x86_64 1.2.1 14.46 191.70 206.16 OK
r-patched-solaris-x86 1.2.1 340.10 NOTE
r-release-linux-x86_64 1.2.1 13.21 190.15 203.36 OK
r-release-macos-x86_64 1.2.1 ERROR
r-release-windows-ix86+x86_64 1.2.1 34.00 216.00 250.00 OK
r-oldrel-macos-x86_64 1.2.1 NOTE
r-oldrel-windows-ix86+x86_64 1.2.1 35.00 212.00 247.00 OK

Check Details

Version: 1.2.1
Check: package dependencies
Result: NOTE
    Imports includes 23 non-default packages.
    Importing from so many packages makes the package vulnerable to any of
    them becoming unavailable. Move as many as possible to Suggests and
    use conditionally.
Flavor: r-devel-linux-x86_64-fedora-clang

Version: 1.2.1
Check: dependencies in R code
Result: NOTE
    Namespaces in Imports field not imported from:
     ‘gbm’ ‘ggfortify’ ‘tibble’ ‘tidyverse’
     All declared Imports should be used.
Flavors: r-devel-linux-x86_64-fedora-clang, r-devel-linux-x86_64-fedora-gcc, r-patched-solaris-x86, r-oldrel-macos-x86_64

Version: 1.2.1
Check: package dependencies
Result: ERROR
    Package required but not available: ‘pvca’
    
    See section ‘The DESCRIPTION file’ in the ‘Writing R Extensions’
    manual.
Flavor: r-release-macos-x86_64