CRAN Package Check Results for Package statcodelists

Last updated on 2022-10-01 18:54:26 CEST.

Flavor Version Tinstall Tcheck Ttotal Status Flags
r-devel-linux-x86_64-debian-clang 0.9.2 2.19 22.91 25.10 OK
r-devel-linux-x86_64-debian-gcc 0.9.2 1.45 18.37 19.82 OK
r-devel-linux-x86_64-fedora-clang 0.9.2 44.37 NOTE
r-devel-linux-x86_64-fedora-gcc 0.9.2 42.25 NOTE
r-devel-windows-x86_64 0.9.2 50.00 54.00 104.00 OK
r-patched-linux-x86_64 0.9.2 2.08 22.68 24.76 OK
r-release-linux-x86_64 0.9.2 2.31 22.39 24.70 OK
r-release-macos-arm64 0.9.2 15.00 NOTE
r-release-macos-x86_64 0.9.2 22.00 NOTE
r-release-windows-x86_64 0.9.2 52.00 48.00 100.00 OK
r-oldrel-macos-arm64 0.9.2 15.00 NOTE
r-oldrel-macos-x86_64 0.9.2 22.00 NOTE
r-oldrel-windows-ix86+x86_64 0.9.2 7.00 46.00 53.00 OK

Check Details

Version: 0.9.2
Check: data for non-ASCII characters
Result: NOTE
     Note: found 1 marked Latin-1 string
     Note: found 18 marked UTF-8 strings
Flavors: r-devel-linux-x86_64-fedora-clang, r-devel-linux-x86_64-fedora-gcc, r-release-macos-arm64, r-release-macos-x86_64, r-oldrel-macos-arm64, r-oldrel-macos-x86_64