Last updated on 2022-06-25 23:56:30 CEST.
Flavor | Version | Tinstall | Tcheck | Ttotal | Status | Flags |
---|---|---|---|---|---|---|
r-devel-linux-x86_64-debian-clang | 1.0.5 | 12.69 | 434.49 | 447.18 | NOTE | |
r-devel-linux-x86_64-debian-gcc | 1.0.5 | 11.85 | 319.98 | 331.83 | NOTE | |
r-devel-linux-x86_64-fedora-clang | 1.0.5 | 516.43 | NOTE | |||
r-devel-linux-x86_64-fedora-gcc | 1.0.5 | 514.13 | NOTE | |||
r-devel-windows-x86_64 | 1.0.5 | 66.00 | 479.00 | 545.00 | NOTE | |
r-patched-linux-x86_64 | 1.0.5 | 13.27 | 399.07 | 412.34 | NOTE | |
r-release-linux-x86_64 | 1.0.5 | 13.87 | 407.42 | 421.29 | NOTE | |
r-release-macos-arm64 | 1.0.5 | 159.00 | NOTE | |||
r-release-macos-x86_64 | 1.0.5 | 267.00 | NOTE | |||
r-release-windows-x86_64 | 1.0.5 | 46.00 | 481.00 | 527.00 | NOTE | |
r-oldrel-macos-arm64 | 1.0.5 | 154.00 | NOTE | |||
r-oldrel-macos-x86_64 | 1.0.5 | 203.00 | NOTE | |||
r-oldrel-windows-ix86+x86_64 | 1.0.5 | 28.00 | 511.00 | 539.00 | NOTE |
Version: 1.0.5
Check: package dependencies
Result: NOTE
Package suggested but not available for checking: 'asreml'
Flavors: r-devel-linux-x86_64-debian-clang, r-devel-linux-x86_64-debian-gcc, r-devel-linux-x86_64-fedora-clang, r-devel-linux-x86_64-fedora-gcc, r-devel-windows-x86_64, r-patched-linux-x86_64, r-release-linux-x86_64, r-release-macos-arm64, r-release-macos-x86_64, r-release-windows-x86_64, r-oldrel-macos-arm64, r-oldrel-macos-x86_64, r-oldrel-windows-ix86+x86_64