Last updated on 2025-01-16 02:49:39 CET.
Flavor | Version | Tinstall | Tcheck | Ttotal | Status | Flags |
---|---|---|---|---|---|---|
r-devel-linux-x86_64-debian-clang | 0.5.1 | 3.23 | 60.79 | 64.02 | OK | |
r-devel-linux-x86_64-debian-gcc | 0.5.1 | 2.66 | 46.95 | 49.61 | OK | |
r-devel-linux-x86_64-fedora-clang | 0.5.1 | 99.04 | OK | |||
r-devel-linux-x86_64-fedora-gcc | 0.5.1 | 96.72 | OK | |||
r-devel-windows-x86_64 | 0.5.1 | 7.00 | 82.00 | 89.00 | OK | |
r-patched-linux-x86_64 | 0.5.1 | 3.63 | 58.21 | 61.84 | NOTE | |
r-release-linux-x86_64 | 0.5.1 | 3.59 | 58.15 | 61.74 | NOTE | |
r-release-macos-arm64 | 0.5.1 | 37.00 | NOTE | |||
r-release-macos-x86_64 | 0.5.1 | 55.00 | NOTE | |||
r-release-windows-x86_64 | 0.5.1 | 5.00 | 80.00 | 85.00 | NOTE | |
r-oldrel-macos-arm64 | 0.5.1 | 36.00 | NOTE | |||
r-oldrel-macos-x86_64 | 0.5.1 | 55.00 | NOTE | |||
r-oldrel-windows-x86_64 | 0.5.1 | 7.00 | 94.00 | 101.00 | NOTE |
Version: 0.5.1
Check: LazyData
Result: NOTE
'LazyData' is specified without a 'data' directory
Flavors: r-patched-linux-x86_64, r-release-linux-x86_64, r-release-macos-arm64, r-release-macos-x86_64, r-release-windows-x86_64, r-oldrel-macos-arm64, r-oldrel-macos-x86_64, r-oldrel-windows-x86_64