CRAN Package Check Results for Package stationaRy

Last updated on 2024-07-21 14:49:47 CEST.

Flavor Version Tinstall Tcheck Ttotal Status Flags
r-devel-linux-x86_64-debian-clang 0.5.1 2.69 79.49 82.18 NOTE
r-devel-linux-x86_64-debian-gcc 0.5.1 3.42 58.45 61.87 NOTE
r-devel-linux-x86_64-fedora-clang 0.5.1 98.08 NOTE
r-devel-linux-x86_64-fedora-gcc 0.5.1 96.77 NOTE
r-devel-windows-x86_64 0.5.1 6.00 81.00 87.00 NOTE
r-patched-linux-x86_64 0.5.1 3.28 75.86 79.14 NOTE
r-release-linux-x86_64 0.5.1 2.66 73.88 76.54 NOTE
r-release-macos-arm64 0.5.1 37.00 NOTE
r-release-macos-x86_64 0.5.1 55.00 NOTE
r-release-windows-x86_64 0.5.1 6.00 79.00 85.00 NOTE
r-oldrel-macos-arm64 0.5.1 36.00 NOTE
r-oldrel-macos-x86_64 0.5.1 55.00 NOTE
r-oldrel-windows-x86_64 0.5.1 6.00 93.00 99.00 NOTE

Check Details

Version: 0.5.1
Check: LazyData
Result: NOTE 'LazyData' is specified without a 'data' directory Flavors: r-devel-linux-x86_64-debian-clang, r-devel-linux-x86_64-debian-gcc, r-devel-linux-x86_64-fedora-clang, r-devel-linux-x86_64-fedora-gcc, r-devel-windows-x86_64, r-patched-linux-x86_64, r-release-linux-x86_64, r-release-macos-arm64, r-release-macos-x86_64, r-release-windows-x86_64, r-oldrel-macos-arm64, r-oldrel-macos-x86_64, r-oldrel-windows-x86_64