Last updated on 2021-04-13 04:47:18 CEST.
Flavor | Version | Tinstall | Tcheck | Ttotal | Status | Flags |
---|---|---|---|---|---|---|
r-devel-linux-x86_64-debian-clang | 0.6.0 | 4.11 | 43.12 | 47.23 | OK | |
r-devel-linux-x86_64-debian-gcc | 0.6.0 | 2.98 | 33.44 | 36.42 | OK | |
r-devel-linux-x86_64-fedora-clang | 0.6.0 | 65.82 | NOTE | |||
r-devel-linux-x86_64-fedora-gcc | 0.6.0 | 55.95 | NOTE | |||
r-devel-windows-ix86+x86_64 | 0.6.0 | 10.00 | 61.00 | 71.00 | OK | |
r-devel-windows-x86_64-gcc10-UCRT | 0.6.0 | NOTE | ||||
r-patched-linux-x86_64 | 0.6.0 | 4.28 | 41.45 | 45.73 | OK | |
r-patched-solaris-x86 | 0.6.0 | 87.90 | NOTE | |||
r-release-linux-x86_64 | 0.6.0 | 3.61 | 41.36 | 44.97 | OK | |
r-release-macos-x86_64 | 0.6.0 | NOTE | ||||
r-release-windows-ix86+x86_64 | 0.6.0 | 16.00 | 64.00 | 80.00 | OK | |
r-oldrel-macos-x86_64 | 0.6.0 | NOTE | ||||
r-oldrel-windows-ix86+x86_64 | 0.6.0 | 6.00 | 44.00 | 50.00 | OK |
Version: 0.6.0
Check: data for non-ASCII characters
Result: NOTE
Note: found 49 marked UTF-8 strings
Flavors: r-devel-linux-x86_64-fedora-clang, r-devel-linux-x86_64-fedora-gcc, r-devel-windows-x86_64-gcc10-UCRT, r-patched-solaris-x86, r-release-macos-x86_64, r-oldrel-macos-x86_64