CRAN Package Check Results for Package statsExpressions

Last updated on 2019-10-22 21:47:59 CEST.

Flavor Version Tinstall Tcheck Ttotal Status Flags
r-devel-linux-x86_64-debian-clang 0.1.1 19.38 225.24 244.62 OK
r-devel-linux-x86_64-debian-gcc 0.1.1 17.17 169.64 186.81 OK
r-devel-linux-x86_64-fedora-clang 0.1.1 292.44 OK
r-devel-linux-x86_64-fedora-gcc 0.1.1 289.73 OK
r-devel-windows-ix86+x86_64 0.1.1 47.00 356.00 403.00 OK
r-patched-linux-x86_64 0.1.1 18.77 216.04 234.81 OK
r-patched-solaris-x86 0.1.1 359.80 OK
r-release-linux-x86_64 0.1.1 20.07 220.81 240.88 OK
r-release-windows-ix86+x86_64 0.1.1 56.00 243.00 299.00 OK
r-release-osx-x86_64 0.1.1 OK
r-oldrel-windows-ix86+x86_64 0.1.1 46.00 360.00 406.00 ERROR
r-oldrel-osx-x86_64 0.1.1 ERROR

Additional issues

ATLAS

Check Details

Version: 0.1.1
Check: tests
Result: ERROR
     Running 'spelling.R' [1s]
     Running 'testthat.R' [102s]
    Running the tests in 'tests/testthat.R' failed.
    Complete output:
     > library(testthat)
     > library(statsExpressions)
     Warning message:
     In checkMatrixPackageVersion() : Package version inconsistency detected.
     TMB was built with Matrix version 1.2.17
     Current Matrix version is 1.2.15
     Please re-install 'TMB' from source using install.packages('TMB', type = 'source') or ask CRAN for a binary version of 'TMB' matching CRAN's 'Matrix' package
     >
     > test_check("statsExpressions")
     -- 1. Failure: t1way_ci works (@test-effsize_helpers.R#827) -------------------
     df1$xi not equal to 0.7639015.
     1/1 mismatches
     [1] 0.654 - 0.764 == -0.11
    
     -- 2. Failure: t1way_ci works (@test-effsize_helpers.R#828) -------------------
     df1$conf.low not equal to 0.06259349.
     1/1 mismatches
     [1] -0.908 - 0.0626 == -0.97
    
     -- 3. Failure: t1way_ci works (@test-effsize_helpers.R#829) -------------------
     df1$conf.high not equal to 1.838343.
     1/1 mismatches
     [1] 1.93 - 1.84 == 0.0949
    
     -- 4. Failure: t1way_ci works (@test-effsize_helpers.R#834) -------------------
     df2$xi not equal to 1.452066.
     1/1 mismatches
     [1] 1.27 - 1.45 == -0.178
    
     -- 5. Failure: t1way_ci works (@test-effsize_helpers.R#835) -------------------
     df2$conf.low not equal to 0.1435678.
     1/1 mismatches
     [1] 0.211 - 0.144 == 0.0675
    
     -- 6. Failure: t1way_ci works (@test-effsize_helpers.R#836) -------------------
     df2$conf.high not equal to 2.357306.
     1/1 mismatches
     [1] 3.41 - 2.36 == 1.06
    
     -- 7. Failure: t1way_ci works (@test-effsize_helpers.R#841) -------------------
     df3$xi not equal to 0.5664255.
     1/1 mismatches
     [1] 0.631 - 0.566 == 0.0646
    
     -- 8. Failure: t1way_ci works (@test-effsize_helpers.R#842) -------------------
     df3$conf.low not equal to 0.2904682.
     1/1 mismatches
     [1] 0.307 - 0.29 == 0.0163
    
     -- 9. Failure: t1way_ci works (@test-effsize_helpers.R#843) -------------------
     df3$conf.high not equal to 1.724382.
     1/1 mismatches
     [1] 1.86 - 1.72 == 0.131
    
     -- 10. Failure: Yuen's test on trimmed means for dependent samples works (@test-
     df1$conf.low not equal to 0.5830343.
     1/1 mismatches
     [1] 0.575 - 0.583 == -0.00765
    
     -- 11. Failure: Yuen's test on trimmed means for dependent samples works (@test-
     df1$conf.high not equal to 0.8415761.
     1/1 mismatches
     [1] 0.844 - 0.842 == 0.00218
    
     -- 12. Failure: Yuen's test on trimmed means for dependent samples works (@test-
     df2$conf.low not equal to 0.9642619.
     1/1 mismatches
     [1] 0.969 - 0.964 == 0.00454
    
     -- 13. Failure: Yuen's test on trimmed means for dependent samples works (@test-
     df2$conf.high not equal to 1.798206.
     1/1 mismatches
     [1] 1.79 - 1.8 == -0.00794
    
     -- 14. Failure: Yuen's test on trimmed means for dependent samples works (@test-
     df3$conf.low not equal to 0.22922.
     1/1 mismatches
     [1] 0.218 - 0.229 == -0.0113
    
     -- 15. Failure: Yuen's test on trimmed means for dependent samples works (@test-
     df3$conf.high not equal to 0.4790643.
     1/1 mismatches
     [1] 0.442 - 0.479 == -0.0375
    
     -- 16. Failure: Yuen's test on trimmed means for dependent samples works (@test-
     df4$conf.low not equal to 0.9981894.
     1/1 mismatches
     [1] 0.995 - 0.998 == -0.00328
    
     -- 17. Failure: Yuen's test on trimmed means for dependent samples works (@test-
     df4$conf.high not equal to 0.9981894.
     1/1 mismatches
     [1] 0.995 - 0.998 == -0.00328
    
     -- 18. Failure: robcor_ci works (@test-effsize_helpers.R#993) -----------------
     df1$conf.low not equal to -0.9367074.
     1/1 mismatches
     [1] -0.943 - -0.937 == -0.00612
    
     -- 19. Failure: robcor_ci works (@test-effsize_helpers.R#994) -----------------
     df1$conf.high not equal to -0.6795268.
     1/1 mismatches
     [1] -0.665 - -0.68 == 0.0145
    
     -- 20. Failure: robcor_ci works (@test-effsize_helpers.R#1001) ----------------
     df2$conf.low not equal to -0.9576768.
     1/1 mismatches
     [1] -0.935 - -0.958 == 0.0231
    
     -- 21. Failure: robcor_ci works (@test-effsize_helpers.R#1002) ----------------
     df2$conf.high not equal to -0.717556.
     1/1 mismatches
     [1] -0.694 - -0.718 == 0.0232
    
     -- 22. Failure: robcor_ci works (@test-effsize_helpers.R#1008) ----------------
     df3$conf.low not equal to -0.5488374.
     1/1 mismatches
     [1] -0.676 - -0.549 == -0.127
    
     -- 23. Failure: robcor_ci works (@test-effsize_helpers.R#1009) ----------------
     df3$conf.high not equal to -0.1557196.
     1/1 mismatches
     [1] -0.152 - -0.156 == 0.00387
    
     -- 24. Failure: robcor_ci works (@test-effsize_helpers.R#1019) ----------------
     df4$conf.low not equal to -0.5629717.
     1/1 mismatches
     [1] -0.576 - -0.563 == -0.0131
    
     -- 25. Failure: robcor_ci works (@test-effsize_helpers.R#1020) ----------------
     df4$conf.high not equal to -0.1625011.
     1/1 mismatches
     [1] -0.0954 - -0.163 == 0.0671
    
     Note: 95% CI for effect size estimate was computed with 100 bootstrap samples.
     -- 26. Failure: between-subjects - data with and without NAs (@test-expr_anova_n
     `using_function1` not identical to `results1`.
     target, current do not match when deparsed
    
     -- 27. Failure: between-subjects - data with and without NAs (@test-expr_anova_n
     `using_function2` not identical to `results2`.
     target, current do not match when deparsed
    
     -- 28. Failure: within-subjects - data with and without NAs (@test-expr_anova_no
     `using_function1` not identical to `results1`.
     target, current do not match when deparsed
    
     -- 29. Failure: within-subjects - data with and without NAs (@test-expr_anova_no
     `using_function2` not identical to `results2`.
     target, current do not match when deparsed
    
     -- 30. Failure: parametric anova subtitles work (with NAs) (@test-expr_anova_par
     `using_function1` not identical to `results1`.
     target, current do not match when deparsed
    
     -- 31. Failure: parametric anova subtitles with partial omega-squared (@test-exp
     `using_function1` not identical to `results1`.
     target, current do not match when deparsed
    
     -- 32. Failure: parametric anova subtitles with partial eta-squared and data wit
     `using_function1` not identical to `results1`.
     target, current do not match when deparsed
    
     Note: 99% CI for effect size estimate was computed with 20 bootstrap samples.
     Warning: No. of factor levels is greater than no. of observations per cell.
     No sphericity correction applied. Interpret the results with caution.
     -- 33. Failure: expr_anova_robust works - between-subjects (@test-expr_anova_rob
     `using_function1` not identical to `results1`.
     target, current do not match when deparsed
    
     Note: 99% CI for effect size estimate was computed with 15 bootstrap samples.
     -- 34. Failure: expr_anova_robust works - between-subjects (@test-expr_anova_rob
     `using_function2` not identical to `results2`.
     target, current do not match when deparsed
    
     -- 35. Failure: expr_contingency_tab works - data without NAs (@test-expr_contin
     `using_function1` not identical to `results1`.
     target, current do not match when deparsed
    
     -- 36. Failure: expr_contingency_tab works - data without NAs (@test-expr_contin
     `using_function2` not identical to `results2`.
     target, current do not match when deparsed
    
     -- 37. Failure: expr_contingency_tab works - data with NAs (@test-expr_contingen
     `using_function1` not identical to `results1`.
     target, current do not match when deparsed
    
     -- 38. Failure: paired expr_contingency_tab works - counts data without NAs (@te
     `using_function1` not identical to `results1`.
     target, current do not match when deparsed
    
     -- 39. Failure: paired expr_contingency_tab works - with NAs (@test-expr_conting
     `using_function1` not identical to `results1`.
     target, current do not match when deparsed
    
     -- 40. Failure: paired data 4-by-4 (@test-expr_contingency_tab.R#420) ---------
     `subtitle1` not identical to `results1`.
     target, current do not match when deparsed
    
     -- 41. Failure: Goodness of Fit expr_contingency_tab works without counts (@test
     `using_function1` not identical to `results1`.
     target, current do not match when deparsed
    
     -- 42. Failure: Goodness of Fit expr_contingency_tab works without counts (@test
     `using_function2` not identical to `results2`.
     target, current do not match when deparsed
    
     -- 43. Failure: Goodness of Fit expr_contingency_tab works with counts (@test-ex
     `using_function1` not identical to `results1`.
     target, current do not match when deparsed
    
     Note: 95% CI for effect size estimate was computed with 100 bootstrap samples.
     -- 44. Failure: works with dataframes with NAs and with ratio (@test-expr_contin
     `using_function` not identical to `expected`.
     target, current do not match when deparsed
    
     Error: Row variable 'y' contains less than 2 levels.
     Chi-squared test can't be run; no subtitle displayed.-- 45. Failure: expr_corr_test works - nonparametric (@test-expr_corr_test.R#53)
     `using_function` not identical to `expected`.
     target, current do not match when deparsed
    
     Note: 50% CI for effect size estimate was computed with 25 bootstrap samples.
     -- 46. Failure: expr_corr_test works - robust (@test-expr_corr_test.R#168) ----
     `using_function` not identical to `expected`.
     target, current do not match when deparsed
    
     -- 47. Failure: expr_t_nonparametric works - between-subjects design (@test-expr
     `using_function` not identical to `results`.
     target, current do not match when deparsed
    
     -- 48. Failure: expr_t_nonparametric works - within-subjects design (@test-expr_
     `using_function2` not identical to `results2`.
     target, current do not match when deparsed
    
     Note: 95% CI for effect size estimate was computed with 100 bootstrap samples.
     -- 49. Failure: expr_t_onesample non-parametric works (@test-expr_t_onesample.R#
     `using_function` not identical to `results`.
     target, current do not match when deparsed
    
     Note: 99% CI for effect size estimate was computed with 100 bootstrap samples.
     -- 50. Failure: expr_t_onesample robust works (@test-expr_t_onesample.R#303) --
     `using_function` not identical to `results`.
     target, current do not match when deparsed
    
     -- 51. Failure: expr_t_robust - within-subjects - without NAs (@test-expr_t_robu
     `using_function1` not identical to `results1`.
     target, current do not match when deparsed
    
     -- 52. Failure: expr_t_robust - within-subjects - with NAs (@test-expr_t_robust.
     `using_function1` not identical to `results1`.
     target, current do not match when deparsed
    
     -- 53. Failure: expr_t_robust - between-subjects - without NAs (@test-expr_t_rob
     `using_function1` not identical to `results1`.
     target, current do not match when deparsed
    
     Error: For tests with statistic that have two parameters,
     the argument `parameter` **must** be specified.
     Error: For tests with statistic that have two parameters,
     the arguments `parameter` and `parameter2` **must** be specified.
     == testthat results ===========================================================
     [ OK: 270 | SKIPPED: 0 | WARNINGS: 0 | FAILED: 53 ]
     1. Failure: t1way_ci works (@test-effsize_helpers.R#827)
     2. Failure: t1way_ci works (@test-effsize_helpers.R#828)
     3. Failure: t1way_ci works (@test-effsize_helpers.R#829)
     4. Failure: t1way_ci works (@test-effsize_helpers.R#834)
     5. Failure: t1way_ci works (@test-effsize_helpers.R#835)
     6. Failure: t1way_ci works (@test-effsize_helpers.R#836)
     7. Failure: t1way_ci works (@test-effsize_helpers.R#841)
     8. Failure: t1way_ci works (@test-effsize_helpers.R#842)
     9. Failure: t1way_ci works (@test-effsize_helpers.R#843)
     1. ...
    
     Error: testthat unit tests failed
     Execution halted
Flavor: r-oldrel-windows-ix86+x86_64

Version: 0.1.1
Check: tests
Result: ERROR
     Running ‘spelling.R’ [0s/0s]
     Running ‘testthat.R’ [62s/62s]
    Running the tests in ‘tests/testthat.R’ failed.
    Last 13 lines of output:
     ══ testthat results ═══════════════════════════════════════════════════════════
     [ OK: 270 | SKIPPED: 0 | WARNINGS: 0 | FAILED: 53 ]
     1. Failure: t1way_ci works (@test-effsize_helpers.R#827)
     2. Failure: t1way_ci works (@test-effsize_helpers.R#828)
     3. Failure: t1way_ci works (@test-effsize_helpers.R#829)
     4. Failure: t1way_ci works (@test-effsize_helpers.R#834)
     5. Failure: t1way_ci works (@test-effsize_helpers.R#835)
     6. Failure: t1way_ci works (@test-effsize_helpers.R#836)
     7. Failure: t1way_ci works (@test-effsize_helpers.R#841)
     8. Failure: t1way_ci works (@test-effsize_helpers.R#842)
     9. Failure: t1way_ci works (@test-effsize_helpers.R#843)
     1. ...
    
     Error: testthat unit tests failed
     Execution halted
Flavor: r-oldrel-osx-x86_64